{"id":65,"date":"2016-08-23T14:47:49","date_gmt":"2016-08-23T12:47:49","guid":{"rendered":"http:\/\/handbuch.sdigroup.de\/hdm\/?page_id=65"},"modified":"2020-10-26T11:15:58","modified_gmt":"2020-10-26T10:15:58","slug":"7-3-benutzereinstellung","status":"publish","type":"page","link":"https:\/\/handbuch.sdigroup.de\/hdm\/index.php\/7-3-benutzereinstellung\/","title":{"rendered":"7.3.Benutzereinstellung"},"content":{"rendered":"<p align=\"CENTER\"><span style=\"font-family: Arial, sans-serif;\"><span style=\"font-size: x-large;\"><b>2. Benutzereinstellungen<\/b><\/span><\/span><\/p>\n<p>Wenn Sie noch keinen Benutzer haben, gehen Sie wie folgt vor:<\/p>\n<ol>\n<li>Im erstes Schritt logen Sie sich mit dem Standard-Administratoraccount ein.<br \/>\nBenutzername: <b>SYSADM<\/b> \u00a0\u00a0\u00a0 Passwort: <b>1234<\/b><br \/>\n<img loading=\"lazy\" decoding=\"async\" class=\"alignnone size-full wp-image-793\" src=\"https:\/\/handbuch.sdigroup.de\/hdm\/wp-content\/uploads\/2016\/08\/login_mask-1.jpg\" alt=\"login_mask\" width=\"388\" height=\"384\" srcset=\"https:\/\/handbuch.sdigroup.de\/hdm\/wp-content\/uploads\/2016\/08\/login_mask-1.jpg 388w, https:\/\/handbuch.sdigroup.de\/hdm\/wp-content\/uploads\/2016\/08\/login_mask-1-300x297.jpg 300w\" sizes=\"auto, (max-width: 388px) 100vw, 388px\" \/><\/p>\n<table border=\"0\" width=\"95%\" cellspacing=\"0\" cellpadding=\"10\" bgcolor=\"#000000\">\n<colgroup>\n<col width=\"256*\" \/><\/colgroup>\n<tbody>\n<tr>\n<td bgcolor=\"#ffd800\" width=\"100%\">\n<p align=\"CENTER\"><b>!!! ACHTUNG !!!<\/b><\/p>\n<\/td>\n<\/tr>\n<tr>\n<td bgcolor=\"#ffd800\" width=\"100%\"><i>Sollte der Login nicht funktionieren, \u00fcberpr\u00fcfen Sie ob Ihre Feststelltaste gedr\u00fcckt ist. Die Feststelltaste befindet sich auf der linken Seite Ihrer Standardtastatur, 2 Tasten \u00fcber der STRG-Taste. Ein nicht gef\u00fcllter Pfeil nach unten befindet sich auf der Taste. Auf der rechten oberen Seite befinden sich 3 L\u00e4mpchen. Wenn die mittlere Taste leuchtet, dann ist die Feststelltaste aktiviert und <b>MUSS<\/b> deaktiviert werden in dem Sie die eben beschriebene Taste nochmals dr\u00fccken so dass das L\u00e4mpchen erlischt.<\/i><\/td>\n<\/tr>\n<\/tbody>\n<\/table>\n<\/li>\n<li>Im n\u00e4chsten Schritt w\u00e4hlen Sie in den Systemeinstellungen die Benutzereinstellungen aus. (<b>STRG+N<\/b>)\u00a0<img loading=\"lazy\" decoding=\"async\" class=\"alignnone size-full wp-image-795\" src=\"https:\/\/handbuch.sdigroup.de\/hdm\/wp-content\/uploads\/2016\/08\/menue-1.jpg\" alt=\"menue\" width=\"1920\" height=\"1001\" srcset=\"https:\/\/handbuch.sdigroup.de\/hdm\/wp-content\/uploads\/2016\/08\/menue-1.jpg 1920w, https:\/\/handbuch.sdigroup.de\/hdm\/wp-content\/uploads\/2016\/08\/menue-1-300x156.jpg 300w, https:\/\/handbuch.sdigroup.de\/hdm\/wp-content\/uploads\/2016\/08\/menue-1-768x400.jpg 768w, https:\/\/handbuch.sdigroup.de\/hdm\/wp-content\/uploads\/2016\/08\/menue-1-1024x534.jpg 1024w\" sizes=\"auto, (max-width: 1920px) 100vw, 1920px\" \/>In der folgenden Maske k\u00f6nnen Sie dann einzelne Benutzer anlegen und diesen dann individuelle Berechtigungen zuweisen.<img loading=\"lazy\" decoding=\"async\" class=\"alignnone size-full wp-image-716\" src=\"https:\/\/handbuch.sdigroup.de\/hdm\/wp-content\/uploads\/2016\/08\/benu_setup-1.jpg\" alt=\"benu_setup\" width=\"1073\" height=\"772\" srcset=\"https:\/\/handbuch.sdigroup.de\/hdm\/wp-content\/uploads\/2016\/08\/benu_setup-1.jpg 1073w, https:\/\/handbuch.sdigroup.de\/hdm\/wp-content\/uploads\/2016\/08\/benu_setup-1-300x216.jpg 300w, https:\/\/handbuch.sdigroup.de\/hdm\/wp-content\/uploads\/2016\/08\/benu_setup-1-768x553.jpg 768w, https:\/\/handbuch.sdigroup.de\/hdm\/wp-content\/uploads\/2016\/08\/benu_setup-1-1024x737.jpg 1024w\" sizes=\"auto, (max-width: 1073px) 100vw, 1073px\" \/><br \/>\n<table border=\"0\" width=\"550\" cellspacing=\"0\" cellpadding=\"5\" bgcolor=\"#000000\">\n<colgroup>\n<col width=\"97\" \/>\n<col width=\"433\" \/><\/colgroup>\n<tbody>\n<tr>\n<td bgcolor=\"#75baff\" width=\"97\">NR<\/td>\n<td bgcolor=\"#ffffff\" width=\"433\">Laufende Nummer<\/td>\n<\/tr>\n<tr>\n<td bgcolor=\"#75baff\" width=\"97\">Benutzername<\/td>\n<td bgcolor=\"#ffffff\" width=\"433\">Ihr Benutzername<\/td>\n<\/tr>\n<tr>\n<td bgcolor=\"#75baff\" width=\"97\">Passwort<\/td>\n<td bgcolor=\"#ffffff\" width=\"433\">Ihr Passwort<\/td>\n<\/tr>\n<tr>\n<td valign=\"TOP\" bgcolor=\"#75baff\" width=\"97\">Gruppe<\/td>\n<td bgcolor=\"#ffffff\" width=\"433\">Hier k\u00f6nnen Sie die Gruppenzugeh\u00f6rigkeit w\u00e4hlen.<br \/>\nHaben Sie einen Benutzer (<b>A<\/b>) angelegt der zb. NUR Kunden anlegen darf und diesem die Gruppe 2 gegeben, k\u00f6nnen Sie, wenn Sie einen neuen Benutzer anlegen (<b>B<\/b>), diesem der Gruppe 2 zuweisen. Der neue Benutzer (<b>B<\/b>) erh\u00e4lt dann die gleichen Rechte wie der der alte Benutzer (<b>A<\/b>)<\/td>\n<\/tr>\n<\/tbody>\n<\/table>\n<p>Oben links geben Sie an, welche Bereiche f\u00fcr den jeweiligen Benutzer bzw. die jeweilige Gruppe sichtbar sind. Rechts geben Sie die Befugnisse der einzelnen Bereiche an.<\/li>\n<li>Im dritten und abschlie\u00dfenden Schritt, gehen Sie auf Anlegen (<b>F6<\/b>) um den eben erstellten Benutzer anzulegen. Sollten Sie dann oder auch sp\u00e4ter noch \u00c4nderungen vornehmen, best\u00e4tigen Sie Diese mit \u00dcbernehmen (<b>F7<\/b>). Zum L\u00f6schen eines Benutzers klicken Sie vor die laufende Nummer in das graue Feld, so das die ganze Zeile schwarz markiert ist. Wenn Sie dann auf <b>L\u00f6schen<\/b> dr\u00fccken, wird der Benutzer gel\u00f6scht.<\/li>\n<\/ol>\n","protected":false},"excerpt":{"rendered":"<p>2. Benutzereinstellungen Wenn Sie noch keinen Benutzer haben, gehen Sie wie folgt vor: Im erstes Schritt logen Sie sich mit dem Standard-Administratoraccount ein. Benutzername: SYSADM \u00a0\u00a0\u00a0 Passwort: 1234 !!! ACHTUNG !!! Sollte der Login nicht funktionieren, \u00fcberpr\u00fcfen Sie ob Ihre Feststelltaste gedr\u00fcckt ist. Die Feststelltaste befindet sich auf der linken Seite Ihrer Standardtastatur, 2 Tasten [&hellip;]<\/p>\n","protected":false},"author":1,"featured_media":0,"parent":0,"menu_order":0,"comment_status":"closed","ping_status":"closed","template":"","meta":{"footnotes":""},"class_list":["post-65","page","type-page","status-publish","hentry"],"_links":{"self":[{"href":"https:\/\/handbuch.sdigroup.de\/hdm\/index.php\/wp-json\/wp\/v2\/pages\/65","targetHints":{"allow":["GET"]}}],"collection":[{"href":"https:\/\/handbuch.sdigroup.de\/hdm\/index.php\/wp-json\/wp\/v2\/pages"}],"about":[{"href":"https:\/\/handbuch.sdigroup.de\/hdm\/index.php\/wp-json\/wp\/v2\/types\/page"}],"author":[{"embeddable":true,"href":"https:\/\/handbuch.sdigroup.de\/hdm\/index.php\/wp-json\/wp\/v2\/users\/1"}],"replies":[{"embeddable":true,"href":"https:\/\/handbuch.sdigroup.de\/hdm\/index.php\/wp-json\/wp\/v2\/comments?post=65"}],"version-history":[{"count":4,"href":"https:\/\/handbuch.sdigroup.de\/hdm\/index.php\/wp-json\/wp\/v2\/pages\/65\/revisions"}],"predecessor-version":[{"id":1147,"href":"https:\/\/handbuch.sdigroup.de\/hdm\/index.php\/wp-json\/wp\/v2\/pages\/65\/revisions\/1147"}],"wp:attachment":[{"href":"https:\/\/handbuch.sdigroup.de\/hdm\/index.php\/wp-json\/wp\/v2\/media?parent=65"}],"curies":[{"name":"wp","href":"https:\/\/api.w.org\/{rel}","templated":true}]}}