{"id":324,"date":"2016-08-25T12:18:36","date_gmt":"2016-08-25T10:18:36","guid":{"rendered":"http:\/\/handbuch.sdigroup.de\/hdm\/?page_id=324"},"modified":"2020-10-30T12:13:38","modified_gmt":"2020-10-30T11:13:38","slug":"12-8-rechnung-suchen-und-ausbuchen","status":"publish","type":"page","link":"https:\/\/handbuch.sdigroup.de\/hdm\/index.php\/12-8-rechnung-suchen-und-ausbuchen\/","title":{"rendered":"12.8.Beleg ausbuchen"},"content":{"rendered":"<p align=\"CENTER\"><span style=\"font-size: x-large;\"><b>7. Beleg suchen und ausbuchen<\/b><\/span><\/p>\n<p>Sie haben Ihren Kontoauszug und wollen offene Rechnungen ausbuchen.<\/p>\n<ol>\n<li>Links in der Hauptnavigation auf <strong>&#8222;Kontrolle&#8220;<\/strong><\/li>\n<li>Den Beleg k\u00f6nnen Sie entweder \u00fcber die <strong>Belegnummer<\/strong> suchen. Geben Sie %Belegnummer ein:<\/li>\n<li>z. B. %100345 oder Komplette Beleg-Nr. inkl. Datum 2001011-100345<\/li>\n<li>Kunde ausw\u00e4hlen<\/li>\n<li>Weitere Eingabe wie Firmenname, Stra\u00dfe, PLZ, Ort,&#8230; eingeben<\/li>\n<li>Drucken Sie in der Men\u00fcleiste <strong>&#8222;Suchen&#8220;<\/strong> oder Schaltfl\u00e4che<strong> &#8222;F8&#8220;<\/strong><\/li>\n<li>Sollten Sie mehrere Rechnungen gefunden haben, w\u00e4hlen Sie mit den Schaltfl\u00e4chen die entsprechende Rechnung oder suchen \u00fcber die Liste die entsprechende Rechnung.<\/li>\n<li>Geben Sie im Feld Bezahlt <strong>&#8222;JA&#8220;<\/strong> ein.<\/li>\n<li>Geben Sie im Feld Zahlungsart die <strong>Zahlungsart<\/strong> an.<\/li>\n<\/ol>\n","protected":false},"excerpt":{"rendered":"<p>7. Beleg suchen und ausbuchen Sie haben Ihren Kontoauszug und wollen offene Rechnungen ausbuchen. Links in der Hauptnavigation auf &#8222;Kontrolle&#8220; Den Beleg k\u00f6nnen Sie entweder \u00fcber die Belegnummer suchen. Geben Sie %Belegnummer ein: z. B. %100345 oder Komplette Beleg-Nr. inkl. Datum 2001011-100345 Kunde ausw\u00e4hlen Weitere Eingabe wie Firmenname, Stra\u00dfe, PLZ, Ort,&#8230; eingeben Drucken Sie in [&hellip;]<\/p>\n","protected":false},"author":1,"featured_media":0,"parent":0,"menu_order":0,"comment_status":"closed","ping_status":"closed","template":"","meta":{"footnotes":""},"class_list":["post-324","page","type-page","status-publish","hentry"],"_links":{"self":[{"href":"https:\/\/handbuch.sdigroup.de\/hdm\/index.php\/wp-json\/wp\/v2\/pages\/324","targetHints":{"allow":["GET"]}}],"collection":[{"href":"https:\/\/handbuch.sdigroup.de\/hdm\/index.php\/wp-json\/wp\/v2\/pages"}],"about":[{"href":"https:\/\/handbuch.sdigroup.de\/hdm\/index.php\/wp-json\/wp\/v2\/types\/page"}],"author":[{"embeddable":true,"href":"https:\/\/handbuch.sdigroup.de\/hdm\/index.php\/wp-json\/wp\/v2\/users\/1"}],"replies":[{"embeddable":true,"href":"https:\/\/handbuch.sdigroup.de\/hdm\/index.php\/wp-json\/wp\/v2\/comments?post=324"}],"version-history":[{"count":5,"href":"https:\/\/handbuch.sdigroup.de\/hdm\/index.php\/wp-json\/wp\/v2\/pages\/324\/revisions"}],"predecessor-version":[{"id":1288,"href":"https:\/\/handbuch.sdigroup.de\/hdm\/index.php\/wp-json\/wp\/v2\/pages\/324\/revisions\/1288"}],"wp:attachment":[{"href":"https:\/\/handbuch.sdigroup.de\/hdm\/index.php\/wp-json\/wp\/v2\/media?parent=324"}],"curies":[{"name":"wp","href":"https:\/\/api.w.org\/{rel}","templated":true}]}}