{"id":29,"date":"2016-08-23T12:26:50","date_gmt":"2016-08-23T10:26:50","guid":{"rendered":"http:\/\/handbuch.sdigroup.de\/hdm\/?page_id=29"},"modified":"2020-10-20T15:49:35","modified_gmt":"2020-10-20T13:49:35","slug":"4-1-die-menues","status":"publish","type":"page","link":"https:\/\/handbuch.sdigroup.de\/hdm\/index.php\/4-1-die-menues\/","title":{"rendered":"4.1.Die Men\u00fcs"},"content":{"rendered":"<p align=\"CENTER\"><span style=\"font-family: Arial, sans-serif;\"><span style=\"font-size: x-large;\"><b>Die Men\u00fcs<\/b><\/span><\/span><\/p>\n<p align=\"CENTER\"><img loading=\"lazy\" decoding=\"async\" class=\"alignnone size-full wp-image-632\" src=\"https:\/\/handbuch.sdigroup.de\/hdm\/wp-content\/uploads\/2016\/08\/4.1-Die-men\u00fcs.png\" alt=\"4.1 Die men\u00fcs\" width=\"960\" height=\"739\" srcset=\"https:\/\/handbuch.sdigroup.de\/hdm\/wp-content\/uploads\/2016\/08\/4.1-Die-men\u00fcs.png 960w, https:\/\/handbuch.sdigroup.de\/hdm\/wp-content\/uploads\/2016\/08\/4.1-Die-men\u00fcs-300x231.png 300w, https:\/\/handbuch.sdigroup.de\/hdm\/wp-content\/uploads\/2016\/08\/4.1-Die-men\u00fcs-768x591.png 768w\" sizes=\"auto, (max-width: 960px) 100vw, 960px\" \/><\/p>\n<p><span style=\"font-family: Arial, sans-serif;\">Men\u00fcs f\u00fchren Sie zu den Programmteilen, die Sie benutzen m\u00f6chten. Sie k\u00f6nnen diese wahlweise \u00fcber die Schaltfl\u00e4chen oder die Men\u00fcleiste erreichen.<\/span><\/p>\n","protected":false},"excerpt":{"rendered":"<p>Die Men\u00fcs Men\u00fcs f\u00fchren Sie zu den Programmteilen, die Sie benutzen m\u00f6chten. Sie k\u00f6nnen diese wahlweise \u00fcber die Schaltfl\u00e4chen oder die Men\u00fcleiste erreichen.<\/p>\n","protected":false},"author":1,"featured_media":0,"parent":0,"menu_order":0,"comment_status":"closed","ping_status":"closed","template":"","meta":{"footnotes":""},"class_list":["post-29","page","type-page","status-publish","hentry"],"_links":{"self":[{"href":"https:\/\/handbuch.sdigroup.de\/hdm\/index.php\/wp-json\/wp\/v2\/pages\/29","targetHints":{"allow":["GET"]}}],"collection":[{"href":"https:\/\/handbuch.sdigroup.de\/hdm\/index.php\/wp-json\/wp\/v2\/pages"}],"about":[{"href":"https:\/\/handbuch.sdigroup.de\/hdm\/index.php\/wp-json\/wp\/v2\/types\/page"}],"author":[{"embeddable":true,"href":"https:\/\/handbuch.sdigroup.de\/hdm\/index.php\/wp-json\/wp\/v2\/users\/1"}],"replies":[{"embeddable":true,"href":"https:\/\/handbuch.sdigroup.de\/hdm\/index.php\/wp-json\/wp\/v2\/comments?post=29"}],"version-history":[{"count":5,"href":"https:\/\/handbuch.sdigroup.de\/hdm\/index.php\/wp-json\/wp\/v2\/pages\/29\/revisions"}],"predecessor-version":[{"id":1121,"href":"https:\/\/handbuch.sdigroup.de\/hdm\/index.php\/wp-json\/wp\/v2\/pages\/29\/revisions\/1121"}],"wp:attachment":[{"href":"https:\/\/handbuch.sdigroup.de\/hdm\/index.php\/wp-json\/wp\/v2\/media?parent=29"}],"curies":[{"name":"wp","href":"https:\/\/api.w.org\/{rel}","templated":true}]}}