{"id":284,"date":"2016-08-25T12:03:56","date_gmt":"2016-08-25T10:03:56","guid":{"rendered":"http:\/\/handbuch.sdigroup.de\/hdm\/?page_id=284"},"modified":"2020-10-27T12:36:03","modified_gmt":"2020-10-27T11:36:03","slug":"11-8-stammdaten-loeschen","status":"publish","type":"page","link":"https:\/\/handbuch.sdigroup.de\/hdm\/index.php\/11-8-stammdaten-loeschen\/","title":{"rendered":"11.6.Stammdaten l\u00f6schen"},"content":{"rendered":"<p align=\"CENTER\"><span style=\"font-size: x-large;\"><b>6. Vorhandene Artikel l\u00f6schen<\/b><\/span><\/p>\n<ol>\n<li>Links in der Hauptnavigation auf <strong>&#8222;Lager&#8220;.<\/strong><br \/>\n<img loading=\"lazy\" decoding=\"async\" class=\"alignnone size-full wp-image-590\" src=\"https:\/\/handbuch.sdigroup.de\/hdm\/wp-content\/uploads\/2016\/08\/11.6-11-2.png\" alt=\"11.6-11 2\" width=\"187\" height=\"836\" srcset=\"https:\/\/handbuch.sdigroup.de\/hdm\/wp-content\/uploads\/2016\/08\/11.6-11-2.png 187w, https:\/\/handbuch.sdigroup.de\/hdm\/wp-content\/uploads\/2016\/08\/11.6-11-2-67x300.png 67w\" sizes=\"auto, (max-width: 187px) 100vw, 187px\" \/><\/li>\n<li>Oben in der Men\u00fczeile auf <strong>&#8222;Suchen&#8220;<\/strong> oder Schaltfl\u00e4che <strong>&#8222;F8&#8220;.<\/strong><\/li>\n<li><strong>\u00a0Artikelkriterien eingeben<\/strong> und in der Men\u00fcleiste <strong>&#8222;Suchen&#8220;<\/strong> klicken.<em>\u00a0 \u00a0(Vielleicht durch Artikel durchklicken mit <strong>Erster\/Vor\/Nach\/Letzter<\/strong>)<\/em><\/li>\n<li>Wenn Artikel gefunden, gehen Sie oben auf <strong>&#8222;L\u00f6schen&#8220;\u00a0 \u00a0 \u00a0 \u00a0 \u00a0 \u00a0 \u00a0 \u00a0 \u00a0 \u00a0 \u00a0 \u00a0 \u00a0<\/strong>Die Frage: <strong>&#8222;Wollen Sie den Datensatz l\u00f6schen?&#8220;<\/strong>, mit <strong>&#8222;JA&#8220;<\/strong> beantworten. Wenn Sie <strong>&#8222;NEIN&#8220;<\/strong> klicken, bleibt der Artikel erhalten.<\/li>\n<\/ol>\n","protected":false},"excerpt":{"rendered":"<p>6. Vorhandene Artikel l\u00f6schen Links in der Hauptnavigation auf &#8222;Lager&#8220;. Oben in der Men\u00fczeile auf &#8222;Suchen&#8220; oder Schaltfl\u00e4che &#8222;F8&#8220;. \u00a0Artikelkriterien eingeben und in der Men\u00fcleiste &#8222;Suchen&#8220; klicken.\u00a0 \u00a0(Vielleicht durch Artikel durchklicken mit Erster\/Vor\/Nach\/Letzter) Wenn Artikel gefunden, gehen Sie oben auf &#8222;L\u00f6schen&#8220;\u00a0 \u00a0 \u00a0 \u00a0 \u00a0 \u00a0 \u00a0 \u00a0 \u00a0 \u00a0 \u00a0 \u00a0 \u00a0Die Frage: &#8222;Wollen [&hellip;]<\/p>\n","protected":false},"author":1,"featured_media":0,"parent":0,"menu_order":0,"comment_status":"closed","ping_status":"closed","template":"","meta":{"footnotes":""},"class_list":["post-284","page","type-page","status-publish","hentry"],"_links":{"self":[{"href":"https:\/\/handbuch.sdigroup.de\/hdm\/index.php\/wp-json\/wp\/v2\/pages\/284","targetHints":{"allow":["GET"]}}],"collection":[{"href":"https:\/\/handbuch.sdigroup.de\/hdm\/index.php\/wp-json\/wp\/v2\/pages"}],"about":[{"href":"https:\/\/handbuch.sdigroup.de\/hdm\/index.php\/wp-json\/wp\/v2\/types\/page"}],"author":[{"embeddable":true,"href":"https:\/\/handbuch.sdigroup.de\/hdm\/index.php\/wp-json\/wp\/v2\/users\/1"}],"replies":[{"embeddable":true,"href":"https:\/\/handbuch.sdigroup.de\/hdm\/index.php\/wp-json\/wp\/v2\/comments?post=284"}],"version-history":[{"count":5,"href":"https:\/\/handbuch.sdigroup.de\/hdm\/index.php\/wp-json\/wp\/v2\/pages\/284\/revisions"}],"predecessor-version":[{"id":1254,"href":"https:\/\/handbuch.sdigroup.de\/hdm\/index.php\/wp-json\/wp\/v2\/pages\/284\/revisions\/1254"}],"wp:attachment":[{"href":"https:\/\/handbuch.sdigroup.de\/hdm\/index.php\/wp-json\/wp\/v2\/media?parent=284"}],"curies":[{"name":"wp","href":"https:\/\/api.w.org\/{rel}","templated":true}]}}