{"id":270,"date":"2016-08-25T11:57:15","date_gmt":"2016-08-25T09:57:15","guid":{"rendered":"http:\/\/handbuch.sdigroup.de\/hdm\/?page_id=270"},"modified":"2020-10-27T12:35:09","modified_gmt":"2020-10-27T11:35:09","slug":"11-1-lager-artikel","status":"publish","type":"page","link":"https:\/\/handbuch.sdigroup.de\/hdm\/index.php\/11-1-lager-artikel\/","title":{"rendered":"11.1.Lager \/ Artikel"},"content":{"rendered":"<p align=\"CENTER\"><span style=\"font-size: x-large;\"><b>1. Lager \/ Artikel<\/b><\/span><\/p>\n<p>Das Modul <strong>&#8222;Artikelstamm&#8220;<\/strong> ist in zwei Bereiche untergliedert: &#8222;<strong>Lager&#8220;<\/strong> und <b>&#8222;Protokoll&#8220;.<\/b><\/p>\n<p><img loading=\"lazy\" decoding=\"async\" class=\"alignnone size-full wp-image-584\" src=\"https:\/\/handbuch.sdigroup.de\/hdm\/wp-content\/uploads\/2016\/08\/11.1-Lager-2.png\" alt=\"11.1 Lager 2\" width=\"1288\" height=\"952\" srcset=\"https:\/\/handbuch.sdigroup.de\/hdm\/wp-content\/uploads\/2016\/08\/11.1-Lager-2.png 1288w, https:\/\/handbuch.sdigroup.de\/hdm\/wp-content\/uploads\/2016\/08\/11.1-Lager-2-300x222.png 300w, https:\/\/handbuch.sdigroup.de\/hdm\/wp-content\/uploads\/2016\/08\/11.1-Lager-2-768x568.png 768w, https:\/\/handbuch.sdigroup.de\/hdm\/wp-content\/uploads\/2016\/08\/11.1-Lager-2-1024x757.png 1024w\" sizes=\"auto, (max-width: 1288px) 100vw, 1288px\" \/><\/p>\n<p>Die <b>Men\u00fcleiste<\/b> enth\u00e4lt 5 Pulldown-Men\u00fcs:<\/p>\n<ol>\n<li>Das Men\u00fc <strong>Start<\/strong> beinhaltet die Befehle, die Sie auch \u00fcber die Schaltfl\u00e4chen bedienen k\u00f6nnen.<\/li>\n<li>Mit dem Men\u00fc\u00a0<strong>Bearbeiten<\/strong>\u00a0k\u00f6nnen Sie Schaltfl\u00e4chen per Maus bedienen.<\/li>\n<li>Das Men\u00fc\u00a0<b>Sortierung<\/b>\u00a0erm\u00f6glicht es Ihnen, die Datens\u00e4tze nach Artikel-Nr., Artikelname, Lieferantenname, Kommissionsware, Lagerzugang und Lagerabgang zu sortieren.<\/li>\n<li>Mit de Men\u00fc <strong>Artikel Info, <\/strong>k\u00f6nnen Sie den vorhandenen Artikel mehr beschreiben.<\/li>\n<li>Mit dem Men\u00fc <strong>Barcode von Lieferschein-Nr. drucken, <\/strong>k\u00f6nnen Sie Barcodes f\u00fcr Lieferscheine drucken.<\/li>\n<\/ol>\n","protected":false},"excerpt":{"rendered":"<p>1. Lager \/ Artikel Das Modul &#8222;Artikelstamm&#8220; ist in zwei Bereiche untergliedert: &#8222;Lager&#8220; und &#8222;Protokoll&#8220;. Die Men\u00fcleiste enth\u00e4lt 5 Pulldown-Men\u00fcs: Das Men\u00fc Start beinhaltet die Befehle, die Sie auch \u00fcber die Schaltfl\u00e4chen bedienen k\u00f6nnen. Mit dem Men\u00fc\u00a0Bearbeiten\u00a0k\u00f6nnen Sie Schaltfl\u00e4chen per Maus bedienen. Das Men\u00fc\u00a0Sortierung\u00a0erm\u00f6glicht es Ihnen, die Datens\u00e4tze nach Artikel-Nr., Artikelname, Lieferantenname, Kommissionsware, Lagerzugang und [&hellip;]<\/p>\n","protected":false},"author":1,"featured_media":0,"parent":0,"menu_order":0,"comment_status":"closed","ping_status":"closed","template":"","meta":{"footnotes":""},"class_list":["post-270","page","type-page","status-publish","hentry"],"_links":{"self":[{"href":"https:\/\/handbuch.sdigroup.de\/hdm\/index.php\/wp-json\/wp\/v2\/pages\/270","targetHints":{"allow":["GET"]}}],"collection":[{"href":"https:\/\/handbuch.sdigroup.de\/hdm\/index.php\/wp-json\/wp\/v2\/pages"}],"about":[{"href":"https:\/\/handbuch.sdigroup.de\/hdm\/index.php\/wp-json\/wp\/v2\/types\/page"}],"author":[{"embeddable":true,"href":"https:\/\/handbuch.sdigroup.de\/hdm\/index.php\/wp-json\/wp\/v2\/users\/1"}],"replies":[{"embeddable":true,"href":"https:\/\/handbuch.sdigroup.de\/hdm\/index.php\/wp-json\/wp\/v2\/comments?post=270"}],"version-history":[{"count":7,"href":"https:\/\/handbuch.sdigroup.de\/hdm\/index.php\/wp-json\/wp\/v2\/pages\/270\/revisions"}],"predecessor-version":[{"id":1251,"href":"https:\/\/handbuch.sdigroup.de\/hdm\/index.php\/wp-json\/wp\/v2\/pages\/270\/revisions\/1251"}],"wp:attachment":[{"href":"https:\/\/handbuch.sdigroup.de\/hdm\/index.php\/wp-json\/wp\/v2\/media?parent=270"}],"curies":[{"name":"wp","href":"https:\/\/api.w.org\/{rel}","templated":true}]}}