{"id":266,"date":"2016-08-25T11:55:40","date_gmt":"2016-08-25T09:55:40","guid":{"rendered":"http:\/\/handbuch.sdigroup.de\/hdm\/?page_id=266"},"modified":"2020-11-02T11:59:57","modified_gmt":"2020-11-02T10:59:57","slug":"10-8-serienbrief-erstellen","status":"publish","type":"page","link":"https:\/\/handbuch.sdigroup.de\/hdm\/index.php\/10-8-serienbrief-erstellen\/","title":{"rendered":"10.8.Serienbrief erstellen"},"content":{"rendered":"<p align=\"CENTER\"><span style=\"font-size: x-large;\"><b>1.8. Serienbrief erstellen<\/b><\/span><\/p>\n<ol>\n<li>Links in der Hauptnavigation auf <strong>&#8222;Lieferanten&#8220;<\/strong><br \/>\n<img loading=\"lazy\" decoding=\"async\" class=\"alignnone size-full wp-image-576\" src=\"https:\/\/handbuch.sdigroup.de\/hdm\/wp-content\/uploads\/2016\/08\/10.5-8-2.png\" alt=\"10.5-8 (2)\" width=\"178\" height=\"468\" srcset=\"https:\/\/handbuch.sdigroup.de\/hdm\/wp-content\/uploads\/2016\/08\/10.5-8-2.png 178w, https:\/\/handbuch.sdigroup.de\/hdm\/wp-content\/uploads\/2016\/08\/10.5-8-2-114x300.png 114w\" sizes=\"auto, (max-width: 178px) 100vw, 178px\" \/><\/li>\n<li>Oben in der Men\u00fczeile auf <strong>&#8222;Neu&#8220;<\/strong> oder Schaltfl\u00e4che<strong> &#8222;F5&#8220;<\/strong><\/li>\n<li>In der Men\u00fcleiste k\u00f6nnen Sie<strong> &#8222;Suchen&#8220;<\/strong> oder Schaltfl\u00e4che <strong>&#8222;F8&#8220;<\/strong> bet\u00e4tigen.<\/li>\n<li>\u00d6ffnen Sie die<strong> &#8222;Liste&#8220;<\/strong> \u00fcber die Men\u00fcleiste.<\/li>\n<li>Suchen Sie den <strong>Lieferanten<\/strong> aus der Datenbank, denn Sie einen Brief schreiben wollen.<\/li>\n<li>In der <strong>Listenleiste<\/strong> auf <strong>&#8222;Liste&#8220; <\/strong>oder Schaltfl\u00e4che <strong>&#8222;F4&#8220; <\/strong>um Tabelle zu drucken.<\/li>\n<li>Danach auf den Knopf <strong>&#8222;Serienbrief&#8220;<\/strong><\/li>\n<li>Den Text f\u00fcr den <strong>Betreff<\/strong> im ersten Textfeld eingeben.<\/li>\n<li>Schreiben Sie den Text Ihres Briefes im unteren, gro\u00dfen Fenster.<\/li>\n<li>\u00dcberpr\u00fcfen Sie erst den Ausdruck, indem Sie den Knopf <strong>Seitenansicht <\/strong>vor dem Drucken anklicken.<br \/>\n<img loading=\"lazy\" decoding=\"async\" class=\"alignnone size-full wp-image-819\" src=\"https:\/\/handbuch.sdigroup.de\/hdm\/wp-content\/uploads\/2016\/08\/10.8.png\" alt=\"10.8\" width=\"88\" height=\"88\" \/><\/li>\n<li>Durch Anklicken des &#8222;<strong>Drucksymbols&#8220;<\/strong> oder bet\u00e4tigen der Schaltfl\u00e4che <strong>&#8222;F4&#8220;<\/strong> wird dieser Text f\u00fcr alle in der Tabelle ausgew\u00e4hlten Lieferanten als <strong>Infobrief<\/strong> ausgedruckt. Automatisch werden im Serienbrief HD Mode das aktuelle Datum, die Adresse und Anrede der Lieferanten erg\u00e4nzt, die den Brief erhalten.<\/li>\n<\/ol>\n","protected":false},"excerpt":{"rendered":"<p>1.8. Serienbrief erstellen Links in der Hauptnavigation auf &#8222;Lieferanten&#8220; Oben in der Men\u00fczeile auf &#8222;Neu&#8220; oder Schaltfl\u00e4che &#8222;F5&#8220; In der Men\u00fcleiste k\u00f6nnen Sie &#8222;Suchen&#8220; oder Schaltfl\u00e4che &#8222;F8&#8220; bet\u00e4tigen. \u00d6ffnen Sie die &#8222;Liste&#8220; \u00fcber die Men\u00fcleiste. Suchen Sie den Lieferanten aus der Datenbank, denn Sie einen Brief schreiben wollen. In der Listenleiste auf &#8222;Liste&#8220; oder Schaltfl\u00e4che [&hellip;]<\/p>\n","protected":false},"author":1,"featured_media":0,"parent":0,"menu_order":0,"comment_status":"closed","ping_status":"closed","template":"","meta":{"footnotes":""},"class_list":["post-266","page","type-page","status-publish","hentry"],"_links":{"self":[{"href":"https:\/\/handbuch.sdigroup.de\/hdm\/index.php\/wp-json\/wp\/v2\/pages\/266","targetHints":{"allow":["GET"]}}],"collection":[{"href":"https:\/\/handbuch.sdigroup.de\/hdm\/index.php\/wp-json\/wp\/v2\/pages"}],"about":[{"href":"https:\/\/handbuch.sdigroup.de\/hdm\/index.php\/wp-json\/wp\/v2\/types\/page"}],"author":[{"embeddable":true,"href":"https:\/\/handbuch.sdigroup.de\/hdm\/index.php\/wp-json\/wp\/v2\/users\/1"}],"replies":[{"embeddable":true,"href":"https:\/\/handbuch.sdigroup.de\/hdm\/index.php\/wp-json\/wp\/v2\/comments?post=266"}],"version-history":[{"count":5,"href":"https:\/\/handbuch.sdigroup.de\/hdm\/index.php\/wp-json\/wp\/v2\/pages\/266\/revisions"}],"predecessor-version":[{"id":1343,"href":"https:\/\/handbuch.sdigroup.de\/hdm\/index.php\/wp-json\/wp\/v2\/pages\/266\/revisions\/1343"}],"wp:attachment":[{"href":"https:\/\/handbuch.sdigroup.de\/hdm\/index.php\/wp-json\/wp\/v2\/media?parent=266"}],"curies":[{"name":"wp","href":"https:\/\/api.w.org\/{rel}","templated":true}]}}