{"id":241,"date":"2016-08-25T11:46:48","date_gmt":"2016-08-25T09:46:48","guid":{"rendered":"http:\/\/handbuch.sdigroup.de\/hdm\/?page_id=241"},"modified":"2020-11-02T11:59:16","modified_gmt":"2020-11-02T10:59:16","slug":"10-3-lieferanten-tabellen","status":"publish","type":"page","link":"https:\/\/handbuch.sdigroup.de\/hdm\/index.php\/10-3-lieferanten-tabellen\/","title":{"rendered":"10.4.Lieferanten Liste"},"content":{"rendered":"<p align=\"CENTER\"><span style=\"font-size: x-large;\"><b>1.4 Lieferanten-Liste<\/b><\/span><\/p>\n<p align=\"CENTER\"><img loading=\"lazy\" decoding=\"async\" class=\"alignnone size-full wp-image-787\" src=\"https:\/\/handbuch.sdigroup.de\/hdm\/wp-content\/uploads\/2016\/08\/lieferantentabelle-1.jpg\" alt=\"lieferantentabelle\" width=\"1522\" height=\"796\" srcset=\"https:\/\/handbuch.sdigroup.de\/hdm\/wp-content\/uploads\/2016\/08\/lieferantentabelle-1.jpg 1522w, https:\/\/handbuch.sdigroup.de\/hdm\/wp-content\/uploads\/2016\/08\/lieferantentabelle-1-300x157.jpg 300w, https:\/\/handbuch.sdigroup.de\/hdm\/wp-content\/uploads\/2016\/08\/lieferantentabelle-1-768x402.jpg 768w, https:\/\/handbuch.sdigroup.de\/hdm\/wp-content\/uploads\/2016\/08\/lieferantentabelle-1-1024x536.jpg 1024w\" sizes=\"auto, (max-width: 1522px) 100vw, 1522px\" \/><\/p>\n<p>Die <b>Men\u00fcleiste<\/b> enth\u00e4lt die Standard-Men\u00fcleiste f\u00fcr Tabellen.<\/p>\n<p>Das Men\u00fc <b>Drucken<\/b> beinhaltet<\/p>\n<ol>\n<li style=\"list-style-type: none;\">\n<ol>\n<li style=\"list-style-type: none;\">\n<ol>\n<li>Den Befehl <strong>Seitenansicht<\/strong>, mit dessen Hilfe Sie Ihren Druck vorher Ansehen k\u00f6nnen.<\/li>\n<li>Den Befehl <strong>Liste<\/strong>, mit dessen Hilfe Sie Ihre Tabelle als Liste ausdrucken k\u00f6nnen. Das Aussehen der Liste k\u00f6nnen Sie \u00fcber die Report-Maske ver\u00e4ndern.<\/li>\n<li>Den Befehl <b>Serienbrief<\/b>, mit dessen Hilfe Sie Serienbriefe verfassen k\u00f6nnen.<\/li>\n<li>Den Befehl <b>Winword-Serienbriefe<\/b>, mit dessen Hilfe Sie eine Datei erstellen, die Winword als Datenquelle f\u00fcr Winword-Serienbriefe nutzen kann.<\/li>\n<\/ol>\n<\/li>\n<\/ol>\n<\/li>\n<\/ol>\n<p>Die <b>Tabelle<\/b> k\u00f6nnen Sie umsortieren und bearbeiten. Die <b>Daten<\/b> in der Tabelle k\u00f6nnen Sie allerdings <b>nicht bearbeiten<\/b>.<\/p>\n","protected":false},"excerpt":{"rendered":"<p>1.4 Lieferanten-Liste Die Men\u00fcleiste enth\u00e4lt die Standard-Men\u00fcleiste f\u00fcr Tabellen. Das Men\u00fc Drucken beinhaltet Den Befehl Seitenansicht, mit dessen Hilfe Sie Ihren Druck vorher Ansehen k\u00f6nnen. Den Befehl Liste, mit dessen Hilfe Sie Ihre Tabelle als Liste ausdrucken k\u00f6nnen. Das Aussehen der Liste k\u00f6nnen Sie \u00fcber die Report-Maske ver\u00e4ndern. Den Befehl Serienbrief, mit dessen Hilfe Sie [&hellip;]<\/p>\n","protected":false},"author":1,"featured_media":0,"parent":0,"menu_order":0,"comment_status":"closed","ping_status":"closed","template":"","meta":{"footnotes":""},"class_list":["post-241","page","type-page","status-publish","hentry"],"_links":{"self":[{"href":"https:\/\/handbuch.sdigroup.de\/hdm\/index.php\/wp-json\/wp\/v2\/pages\/241","targetHints":{"allow":["GET"]}}],"collection":[{"href":"https:\/\/handbuch.sdigroup.de\/hdm\/index.php\/wp-json\/wp\/v2\/pages"}],"about":[{"href":"https:\/\/handbuch.sdigroup.de\/hdm\/index.php\/wp-json\/wp\/v2\/types\/page"}],"author":[{"embeddable":true,"href":"https:\/\/handbuch.sdigroup.de\/hdm\/index.php\/wp-json\/wp\/v2\/users\/1"}],"replies":[{"embeddable":true,"href":"https:\/\/handbuch.sdigroup.de\/hdm\/index.php\/wp-json\/wp\/v2\/comments?post=241"}],"version-history":[{"count":6,"href":"https:\/\/handbuch.sdigroup.de\/hdm\/index.php\/wp-json\/wp\/v2\/pages\/241\/revisions"}],"predecessor-version":[{"id":1340,"href":"https:\/\/handbuch.sdigroup.de\/hdm\/index.php\/wp-json\/wp\/v2\/pages\/241\/revisions\/1340"}],"wp:attachment":[{"href":"https:\/\/handbuch.sdigroup.de\/hdm\/index.php\/wp-json\/wp\/v2\/media?parent=241"}],"curies":[{"name":"wp","href":"https:\/\/api.w.org\/{rel}","templated":true}]}}