{"id":229,"date":"2016-08-25T11:37:52","date_gmt":"2016-08-25T09:37:52","guid":{"rendered":"http:\/\/handbuch.sdigroup.de\/hdm\/?page_id=229"},"modified":"2020-10-26T14:56:03","modified_gmt":"2020-10-26T13:56:03","slug":"9-5-loeschen-2","status":"publish","type":"page","link":"https:\/\/handbuch.sdigroup.de\/hdm\/index.php\/9-5-loeschen-2\/","title":{"rendered":"9.5.L\u00f6schen"},"content":{"rendered":"<p align=\"CENTER\"><span style=\"font-size: x-large;\"><b>6. Kunden &#8211; L\u00f6schen<\/b><\/span><\/p>\n<p>So l\u00f6schen Sie einen Kunden:<\/p>\n<ol>\n<li>Links in der Hauptnavigation auf &#8222;Kunden&#8220;<\/li>\n<li>Kunde nach Kundenkriterien Suchen,<strong> &#8222;Suchen&#8220; <\/strong>oder Schaltfl\u00e4che <strong>&#8222;F8&#8220;<\/strong><\/li>\n<li>Wenn Kunde gefunden, gehen Sie oben in der Men\u00fczeile auf <strong>&#8222;L\u00f6schen&#8220;<\/strong><\/li>\n<li>Sie werden gefragt: <strong>&#8222;<\/strong><b>Datensatznummer mit L\u00f6schen?&#8220;<\/b><\/li>\n<\/ol>\n<ol>\n<li><b>Ja<\/b> &#8211; L\u00f6scht die Datensatznummer mit. Die Kundennummer<strong> wird nicht mehr vergeben.<\/strong><\/li>\n<li><b>Nein<\/b> &#8211; L\u00f6scht die Datensatznummer <strong>nicht mit.<\/strong> Die Kundeninformationen <strong>werden gel\u00f6scht und die Nummer beibehalten.<\/strong> Sie k\u00f6nnen nachtr\u00e4glich einen neuen Kunden unter der Kundennummer abspeichern. Sie finden diese Kundennummern mit dem Suchbegriff <strong>&#8222;<\/strong><b>LEER&#8220;, <\/b>egal in welchem Feld Sie es eintragen.<\/li>\n<\/ol>\n<p>Kundendaten sind gespeichert wenn das &#8222;<b>Speichern&#8220;<\/b> &#8211; Feld wieder aus graut.<\/p>\n","protected":false},"excerpt":{"rendered":"<p>6. Kunden &#8211; L\u00f6schen So l\u00f6schen Sie einen Kunden: Links in der Hauptnavigation auf &#8222;Kunden&#8220; Kunde nach Kundenkriterien Suchen, &#8222;Suchen&#8220; oder Schaltfl\u00e4che &#8222;F8&#8220; Wenn Kunde gefunden, gehen Sie oben in der Men\u00fczeile auf &#8222;L\u00f6schen&#8220; Sie werden gefragt: &#8222;Datensatznummer mit L\u00f6schen?&#8220; Ja &#8211; L\u00f6scht die Datensatznummer mit. Die Kundennummer wird nicht mehr vergeben. Nein &#8211; L\u00f6scht [&hellip;]<\/p>\n","protected":false},"author":1,"featured_media":0,"parent":0,"menu_order":0,"comment_status":"closed","ping_status":"closed","template":"","meta":{"footnotes":""},"class_list":["post-229","page","type-page","status-publish","hentry"],"_links":{"self":[{"href":"https:\/\/handbuch.sdigroup.de\/hdm\/index.php\/wp-json\/wp\/v2\/pages\/229","targetHints":{"allow":["GET"]}}],"collection":[{"href":"https:\/\/handbuch.sdigroup.de\/hdm\/index.php\/wp-json\/wp\/v2\/pages"}],"about":[{"href":"https:\/\/handbuch.sdigroup.de\/hdm\/index.php\/wp-json\/wp\/v2\/types\/page"}],"author":[{"embeddable":true,"href":"https:\/\/handbuch.sdigroup.de\/hdm\/index.php\/wp-json\/wp\/v2\/users\/1"}],"replies":[{"embeddable":true,"href":"https:\/\/handbuch.sdigroup.de\/hdm\/index.php\/wp-json\/wp\/v2\/comments?post=229"}],"version-history":[{"count":3,"href":"https:\/\/handbuch.sdigroup.de\/hdm\/index.php\/wp-json\/wp\/v2\/pages\/229\/revisions"}],"predecessor-version":[{"id":1195,"href":"https:\/\/handbuch.sdigroup.de\/hdm\/index.php\/wp-json\/wp\/v2\/pages\/229\/revisions\/1195"}],"wp:attachment":[{"href":"https:\/\/handbuch.sdigroup.de\/hdm\/index.php\/wp-json\/wp\/v2\/media?parent=229"}],"curies":[{"name":"wp","href":"https:\/\/api.w.org\/{rel}","templated":true}]}}