{"id":100,"date":"2016-08-23T15:06:46","date_gmt":"2016-08-23T13:06:46","guid":{"rendered":"http:\/\/handbuch.sdigroup.de\/hdm\/?page_id=100"},"modified":"2020-11-02T11:55:08","modified_gmt":"2020-11-02T10:55:08","slug":"8-15-renner-penner-liste","status":"publish","type":"page","link":"https:\/\/handbuch.sdigroup.de\/hdm\/index.php\/8-15-renner-penner-liste\/","title":{"rendered":"8.13.Renner-Penner-Liste"},"content":{"rendered":"<p align=\"CENTER\"><span style=\"font-size: x-large;\"><b>13. Renner-Pennerliste, Kundenums\u00e4tze, Lieferantenums\u00e4tze<\/b><\/span><\/p>\n<p>W\u00e4hlen Sie folgende Schritte<\/p>\n<ol>\n<li>Links in der Hauptnavigation auf <strong>&#8222;Bericht&#8220;.<\/strong><\/li>\n<li>Geben Sie einen<strong> Zeitraum<\/strong> an.<\/li>\n<li>Oben in der Men\u00fcleiste auf &#8222;<b>Listen\/Ums\u00e4tze\/Abrechnungen&#8220;, <\/b>w\u00e4hlen Sie eine Liste aus.<img loading=\"lazy\" decoding=\"async\" class=\"alignnone size-full wp-image-582\" src=\"https:\/\/handbuch.sdigroup.de\/hdm\/wp-content\/uploads\/2016\/08\/8.15-2-2.png\" alt=\"8.15 (2)\" width=\"964\" height=\"91\" srcset=\"https:\/\/handbuch.sdigroup.de\/hdm\/wp-content\/uploads\/2016\/08\/8.15-2-2.png 964w, https:\/\/handbuch.sdigroup.de\/hdm\/wp-content\/uploads\/2016\/08\/8.15-2-2-300x28.png 300w, https:\/\/handbuch.sdigroup.de\/hdm\/wp-content\/uploads\/2016\/08\/8.15-2-2-768x72.png 768w\" sizes=\"auto, (max-width: 964px) 100vw, 964px\" \/><br \/>\nAbh\u00e4ngigkeit der Eingabe, erhalten Sie die Statistik. Bsp.: Sie geben folgende Felder ein:<img loading=\"lazy\" decoding=\"async\" class=\"alignnone size-full wp-image-561\" src=\"https:\/\/handbuch.sdigroup.de\/hdm\/wp-content\/uploads\/2016\/08\/8.15-2.png\" alt=\"8.15 2\" width=\"977\" height=\"222\" srcset=\"https:\/\/handbuch.sdigroup.de\/hdm\/wp-content\/uploads\/2016\/08\/8.15-2.png 977w, https:\/\/handbuch.sdigroup.de\/hdm\/wp-content\/uploads\/2016\/08\/8.15-2-300x68.png 300w, https:\/\/handbuch.sdigroup.de\/hdm\/wp-content\/uploads\/2016\/08\/8.15-2-768x175.png 768w\" sizes=\"auto, (max-width: 977px) 100vw, 977px\" \/>Datum: 01.01.2015 \u2013 31.01.2015<br \/>\nArtikelnummer: 1234<br \/>\nKundennummer: 1111<\/li>\n<\/ol>\n<p>Als Ergebnis bekommen Sie eine Liste mit alle in diesem Zeitraum\u00a0 \u00a0 \u00a0 \u00a0 \u00a0 \u00a0 \u00a0 \u00a0 \u00a0 <b>(01.01.2015 \u2013 31.01.2015)<\/b> verkauften Artikel wenn Sie die Renner-\u00a0 \u00a0 \u00a0 \u00a0 \u00a0 \u00a0 \u00a0 \u00a0 \u00a0 Pennerliste vom Men\u00fc Liste w\u00e4hlen<\/p>\n","protected":false},"excerpt":{"rendered":"<p>13. Renner-Pennerliste, Kundenums\u00e4tze, Lieferantenums\u00e4tze W\u00e4hlen Sie folgende Schritte Links in der Hauptnavigation auf &#8222;Bericht&#8220;. Geben Sie einen Zeitraum an. Oben in der Men\u00fcleiste auf &#8222;Listen\/Ums\u00e4tze\/Abrechnungen&#8220;, w\u00e4hlen Sie eine Liste aus. Abh\u00e4ngigkeit der Eingabe, erhalten Sie die Statistik. Bsp.: Sie geben folgende Felder ein:Datum: 01.01.2015 \u2013 31.01.2015 Artikelnummer: 1234 Kundennummer: 1111 Als Ergebnis bekommen Sie eine [&hellip;]<\/p>\n","protected":false},"author":1,"featured_media":0,"parent":0,"menu_order":0,"comment_status":"closed","ping_status":"closed","template":"","meta":{"footnotes":""},"class_list":["post-100","page","type-page","status-publish","hentry"],"_links":{"self":[{"href":"https:\/\/handbuch.sdigroup.de\/hdm\/index.php\/wp-json\/wp\/v2\/pages\/100","targetHints":{"allow":["GET"]}}],"collection":[{"href":"https:\/\/handbuch.sdigroup.de\/hdm\/index.php\/wp-json\/wp\/v2\/pages"}],"about":[{"href":"https:\/\/handbuch.sdigroup.de\/hdm\/index.php\/wp-json\/wp\/v2\/types\/page"}],"author":[{"embeddable":true,"href":"https:\/\/handbuch.sdigroup.de\/hdm\/index.php\/wp-json\/wp\/v2\/users\/1"}],"replies":[{"embeddable":true,"href":"https:\/\/handbuch.sdigroup.de\/hdm\/index.php\/wp-json\/wp\/v2\/comments?post=100"}],"version-history":[{"count":10,"href":"https:\/\/handbuch.sdigroup.de\/hdm\/index.php\/wp-json\/wp\/v2\/pages\/100\/revisions"}],"predecessor-version":[{"id":1331,"href":"https:\/\/handbuch.sdigroup.de\/hdm\/index.php\/wp-json\/wp\/v2\/pages\/100\/revisions\/1331"}],"wp:attachment":[{"href":"https:\/\/handbuch.sdigroup.de\/hdm\/index.php\/wp-json\/wp\/v2\/media?parent=100"}],"curies":[{"name":"wp","href":"https:\/\/api.w.org\/{rel}","templated":true}]}}