{"id":508,"date":"2017-07-04T11:56:00","date_gmt":"2017-07-04T09:56:00","guid":{"rendered":"http:\/\/handbuch.sdigroup.de\/ctx\/?page_id=508"},"modified":"2023-08-09T09:58:52","modified_gmt":"2023-08-09T07:58:52","slug":"artikel","status":"publish","type":"page","link":"https:\/\/handbuch.sdigroup.de\/ctx6\/?page_id=508","title":{"rendered":"Artikelstamm"},"content":{"rendered":"<p><strong>Artikel speichern:<\/strong><\/p>\n<p><span style=\"color: #000000;\"><span style=\"background-color: #999999; color: #ffffff;\">Schritt 1<\/span><\/span><\/p>\n<p>Um einen Artikel zu speichern gehen Sie im Hauptmen\u00fc auf den Men\u00fcknopf <strong>\u201eArtikelstamm\u201c\u00a0<\/strong>oder links in der Hauptnavigation auf <strong>&#8222;Lager \/ Artikel&#8220;.<\/strong><\/p>\n<p><span style=\"background-color: #999999; color: #ffffff;\">Schritt 2<\/span><\/p>\n<p>Klicken Sie auf <strong>\u201eNeu \u2013 F5\u201c<\/strong>\u00a0falls ihre Maske noch nicht geleert worden ist, ansonsten gehen sie \u00fcber zu Schritt 3.<\/p>\n<p><span style=\"background-color: #999999; color: #ffffff;\">Schritt 3<\/span><\/p>\n<p>F\u00fcllen Sie die ben\u00f6tigten Daten aus und klicken Sie danach auf &#8222;<strong>Speichern &#8211;\u00a0 F6&#8243;.<\/strong><\/p>\n<p><span style=\"font-size: 12pt;\">*<span style=\"background-color: #ffff00;\"><em>Gelb hinterlegte Felder sind Pflichtfelder!<\/em><\/span><\/span><\/p>\n<p><strong>Artikel Daten ab\u00e4ndern:<\/strong><\/p>\n<p><span style=\"background-color: #999999; color: #ffffff;\">Schritt 1<\/span><\/p>\n<p>Zuerst geben Sie die vorhandene Suchkriterien ein und durch das best\u00e4tigen des Knopfes \u201e<strong>Suchen &#8211; F8<\/strong>\u201c sollten Sie die gesuchten Artikel dementsprechend auch finden.<\/p>\n<p><span style=\"color: #ffffff; background-color: #999999;\">Schritt 2<\/span><\/p>\n<p>Nachdem Sie nun einen Artikel rausgesucht haben, k\u00f6nnen Sie nun die Daten des Artikels ab\u00e4ndern und sie <strong>\u201eSpeichern &#8211; F6\u201c.<\/strong><\/p>\n<p><strong>Artikel l\u00f6schen:<\/strong><\/p>\n<p><span style=\"background-color: #999999; color: #ffffff;\">Schritt 1<\/span><\/p>\n<p>Um einen Artikel zu l\u00f6schen sollten Sie im Hauptmen\u00fc auf den \u201e<strong>Artikelstamm<\/strong>\u201c klicken.<\/p>\n<p><span style=\"color: #ffffff; background-color: #999999;\">Schritt 2<\/span><\/p>\n<p>Nun klicken Sie auf das Pulldown-Men\u00fc <strong>&#8222;Liste&#8220; <\/strong>, w\u00e4hlen dort einen Artikel den Sie entfernen m\u00f6chten und klicken anschlie\u00dfend, in den Pulldwon-Men\u00fcs auf den Knopf \u201e<strong>L\u00f6schen<\/strong>\u201c.<\/p>\n","protected":false},"excerpt":{"rendered":"<p>Artikel speichern: Schritt 1 Um einen Artikel zu speichern gehen Sie im Hauptmen\u00fc auf den Men\u00fcknopf \u201eArtikelstamm\u201c\u00a0oder links in der Hauptnavigation auf &#8222;Lager \/ Artikel&#8220;. Schritt 2 Klicken Sie auf \u201eNeu \u2013 F5\u201c\u00a0falls ihre Maske noch nicht geleert worden ist, ansonsten gehen sie \u00fcber zu Schritt 3. Schritt 3 F\u00fcllen Sie die ben\u00f6tigten Daten aus [&hellip;]<\/p>\n","protected":false},"author":1,"featured_media":0,"parent":0,"menu_order":0,"comment_status":"closed","ping_status":"closed","template":"","meta":{"footnotes":""},"class_list":["post-508","page","type-page","status-publish","hentry"],"_links":{"self":[{"href":"https:\/\/handbuch.sdigroup.de\/ctx6\/index.php?rest_route=\/wp\/v2\/pages\/508","targetHints":{"allow":["GET"]}}],"collection":[{"href":"https:\/\/handbuch.sdigroup.de\/ctx6\/index.php?rest_route=\/wp\/v2\/pages"}],"about":[{"href":"https:\/\/handbuch.sdigroup.de\/ctx6\/index.php?rest_route=\/wp\/v2\/types\/page"}],"author":[{"embeddable":true,"href":"https:\/\/handbuch.sdigroup.de\/ctx6\/index.php?rest_route=\/wp\/v2\/users\/1"}],"replies":[{"embeddable":true,"href":"https:\/\/handbuch.sdigroup.de\/ctx6\/index.php?rest_route=%2Fwp%2Fv2%2Fcomments&post=508"}],"version-history":[{"count":23,"href":"https:\/\/handbuch.sdigroup.de\/ctx6\/index.php?rest_route=\/wp\/v2\/pages\/508\/revisions"}],"predecessor-version":[{"id":2003,"href":"https:\/\/handbuch.sdigroup.de\/ctx6\/index.php?rest_route=\/wp\/v2\/pages\/508\/revisions\/2003"}],"wp:attachment":[{"href":"https:\/\/handbuch.sdigroup.de\/ctx6\/index.php?rest_route=%2Fwp%2Fv2%2Fmedia&parent=508"}],"curies":[{"name":"wp","href":"https:\/\/api.w.org\/{rel}","templated":true}]}}