{"id":487,"date":"2016-09-06T12:07:24","date_gmt":"2016-09-06T10:07:24","guid":{"rendered":"http:\/\/handbuch.sdigroup.de\/ctx\/?page_id=487"},"modified":"2023-08-09T11:35:20","modified_gmt":"2023-08-09T09:35:20","slug":"warenbestand-in-e","status":"publish","type":"page","link":"https:\/\/handbuch.sdigroup.de\/ctx6\/?page_id=487","title":{"rendered":"Warenbestand in \u20ac"},"content":{"rendered":"<h1 class=\"subtitle\">nach Lieferanten<\/h1>\n<p><span style=\"background-color: #808080; color: #ffffff;\">Schritt 1<\/span><\/p>\n<p><span lang=\"DE\">Gehen Sie \u00fcber die Hauptnavigation auf <strong>&#8222;Lager \/ Artikel&#8220; <\/strong>oder dr\u00fccken Sie Schaltfl\u00e4che<strong> &#8222;F7&#8220;<\/strong><\/span><\/p>\n<p><span style=\"background-color: #808080; color: #ffffff;\">Schritt 2<\/span><\/p>\n<p><strong>&#8222;Suchen&#8220;<\/strong> Sie Ihren Artikel<\/p>\n<p><span style=\"background-color: #808080; color: #ffffff;\">Schritt 3<\/span><\/p>\n<p><span lang=\"DE\">In der <strong>Menuzeile <\/strong>auf<strong> &#8222;Liste&#8220;<\/strong> klicken um sich das Suchergebnis anzeigen zu lassen. <\/span><\/p>\n<p><span style=\"background-color: #808080; color: #ffffff;\">Schritt 4<\/span><\/p>\n<p><span lang=\"DE\">Hier finden Sie dann einen Men\u00fcpunkt <strong>Drucken<\/strong>.\u00a0<\/span><\/p>\n<p><span style=\"background-color: #808080; color: #ffffff;\">Schritt 5<\/span><\/p>\n<p><span lang=\"DE\">\u00a0Unter listen dann &#8222;<strong>St\u00fcckliste \/ Lagerstatistik &#8222;<\/strong>\u00a0w\u00e4hlen.<\/span><\/p>\n<p><em>(&#8222;St\u00fcckliste \/ Lagerstatistik&#8220; wird gedruckt)<\/em><\/p>\n<p><strong><span style=\"color: #ff6600; font-size: 14pt;\"><em>Hinweis:<\/em><\/span><\/strong><\/p>\n<p><span style=\"color: #ff6600; font-size: 14pt;\"><em>Wenn Sie eine Vorschau vom Druck sehen m\u00f6chten, klicken Sie vor dem Drucken oben in der Men\u00fczeile <b>Start<\/b>\u00a0und w\u00e4hlen Sie dort die <strong>Seitenansicht <\/strong>aus. Wenn dann gedruckt wird, \u00f6ffnet sich vorher eine Seitenansicht in der Sie zus\u00e4tzlich den Drucker auf dem gedruckt werden soll, w\u00e4hlen k\u00f6nnen.<\/em><\/span><\/p>\n","protected":false},"excerpt":{"rendered":"<p>nach Lieferanten Schritt 1 Gehen Sie \u00fcber die Hauptnavigation auf &#8222;Lager \/ Artikel&#8220; oder dr\u00fccken Sie Schaltfl\u00e4che &#8222;F7&#8220; Schritt 2 &#8222;Suchen&#8220; Sie Ihren Artikel Schritt 3 In der Menuzeile auf &#8222;Liste&#8220; klicken um sich das Suchergebnis anzeigen zu lassen. Schritt 4 Hier finden Sie dann einen Men\u00fcpunkt Drucken.\u00a0 Schritt 5 \u00a0Unter listen dann &#8222;St\u00fcckliste \/ [&hellip;]<\/p>\n","protected":false},"author":3,"featured_media":0,"parent":457,"menu_order":0,"comment_status":"closed","ping_status":"closed","template":"","meta":{"footnotes":""},"class_list":["post-487","page","type-page","status-publish","hentry"],"_links":{"self":[{"href":"https:\/\/handbuch.sdigroup.de\/ctx6\/index.php?rest_route=\/wp\/v2\/pages\/487","targetHints":{"allow":["GET"]}}],"collection":[{"href":"https:\/\/handbuch.sdigroup.de\/ctx6\/index.php?rest_route=\/wp\/v2\/pages"}],"about":[{"href":"https:\/\/handbuch.sdigroup.de\/ctx6\/index.php?rest_route=\/wp\/v2\/types\/page"}],"author":[{"embeddable":true,"href":"https:\/\/handbuch.sdigroup.de\/ctx6\/index.php?rest_route=\/wp\/v2\/users\/3"}],"replies":[{"embeddable":true,"href":"https:\/\/handbuch.sdigroup.de\/ctx6\/index.php?rest_route=%2Fwp%2Fv2%2Fcomments&post=487"}],"version-history":[{"count":2,"href":"https:\/\/handbuch.sdigroup.de\/ctx6\/index.php?rest_route=\/wp\/v2\/pages\/487\/revisions"}],"predecessor-version":[{"id":1789,"href":"https:\/\/handbuch.sdigroup.de\/ctx6\/index.php?rest_route=\/wp\/v2\/pages\/487\/revisions\/1789"}],"up":[{"embeddable":true,"href":"https:\/\/handbuch.sdigroup.de\/ctx6\/index.php?rest_route=\/wp\/v2\/pages\/457"}],"wp:attachment":[{"href":"https:\/\/handbuch.sdigroup.de\/ctx6\/index.php?rest_route=%2Fwp%2Fv2%2Fmedia&parent=487"}],"curies":[{"name":"wp","href":"https:\/\/api.w.org\/{rel}","templated":true}]}}