{"id":482,"date":"2016-09-06T12:01:56","date_gmt":"2016-09-06T10:01:56","guid":{"rendered":"http:\/\/handbuch.sdigroup.de\/ctx\/?page_id=482"},"modified":"2023-08-09T11:35:48","modified_gmt":"2023-08-09T09:35:48","slug":"warengesamtbestand-in-e","status":"publish","type":"page","link":"https:\/\/handbuch.sdigroup.de\/ctx6\/?page_id=482","title":{"rendered":"Warengesamtbestand in \u20ac"},"content":{"rendered":"<h1 class=\"subtitle\">Inventurbestand<\/h1>\n<p><span style=\"background-color: #808080; color: #ffffff;\">Schritt 1<\/span><\/p>\n<p><span lang=\"DE\">W\u00e4hlen sie im Hauptmen\u00fc<strong> &#8222;Artikelstamm&#8220; <\/strong>oder gehen Sie \u00fcber die <strong>Hauptnavigation <\/strong>auf <strong>&#8222;Lager \/ Artikel&#8220;.<\/strong><\/span><\/p>\n<p><span style=\"background-color: #808080; color: #ffffff;\">Schritt 2<\/span><\/p>\n<p><span lang=\"DE\"><strong>Artikel suchen<\/strong> um <span style=\"text-decoration: underline;\">alle<\/span> Artikel aus der Datenbank zu suchen<\/span><\/p>\n<p><span style=\"background-color: #808080; color: #ffffff;\">Schritt 3<\/span><\/p>\n<p><span lang=\"DE\">Als n\u00e4chstes klicken Sie oben in der <strong>Men\u00fczeile <\/strong>auf <strong>&#8222;Liste&#8220; <\/strong>um sich das Suchergebnis anzeigen zu lassen. <\/span><\/p>\n<p><span style=\"background-color: #808080; color: #ffffff;\">Schritt 4<\/span><\/p>\n<p><span lang=\"DE\">W\u00e4hlen sie dann den Men\u00fcpunkt <strong>Drucken <\/strong>aus. <\/span><\/p>\n<p><span style=\"background-color: #808080; color: #ffffff;\">Schritt 5<\/span><\/p>\n<p><span lang=\"DE\">Gehen sie unter das Untermen\u00fc <strong>Listen<\/strong> und bet\u00e4tigen sie dann <strong>&#8222;Inventureliste&#8220;.<\/strong><\/span><\/p>\n<p><strong><span style=\"color: #ff6600; font-size: 14pt;\"><em>Hinweis:<\/em><\/span><\/strong><\/p>\n<p><span style=\"color: #ff6600; font-size: 14pt;\"><em>Wenn Sie eine Vorschau vom Druck sehen m\u00f6chten, klicken Sie vor dem Drucken oben auf die Men\u00fczeile <b>Start<\/b>\u00a0und w\u00e4hlen Sie dort die <strong>Seitenansicht<\/strong>. Wenn dann gedruckt wird, \u00f6ffnet sich vorher eine Seitenansicht in der Sie zus\u00e4tzlich den Drucker auf dem gedruckt werden soll, w\u00e4hlen k\u00f6nnen.<\/em><\/span><\/p>\n","protected":false},"excerpt":{"rendered":"<p>Inventurbestand Schritt 1 W\u00e4hlen sie im Hauptmen\u00fc &#8222;Artikelstamm&#8220; oder gehen Sie \u00fcber die Hauptnavigation auf &#8222;Lager \/ Artikel&#8220;. Schritt 2 Artikel suchen um alle Artikel aus der Datenbank zu suchen Schritt 3 Als n\u00e4chstes klicken Sie oben in der Men\u00fczeile auf &#8222;Liste&#8220; um sich das Suchergebnis anzeigen zu lassen. Schritt 4 W\u00e4hlen sie dann den [&hellip;]<\/p>\n","protected":false},"author":3,"featured_media":0,"parent":457,"menu_order":0,"comment_status":"closed","ping_status":"closed","template":"","meta":{"footnotes":""},"class_list":["post-482","page","type-page","status-publish","hentry"],"_links":{"self":[{"href":"https:\/\/handbuch.sdigroup.de\/ctx6\/index.php?rest_route=\/wp\/v2\/pages\/482","targetHints":{"allow":["GET"]}}],"collection":[{"href":"https:\/\/handbuch.sdigroup.de\/ctx6\/index.php?rest_route=\/wp\/v2\/pages"}],"about":[{"href":"https:\/\/handbuch.sdigroup.de\/ctx6\/index.php?rest_route=\/wp\/v2\/types\/page"}],"author":[{"embeddable":true,"href":"https:\/\/handbuch.sdigroup.de\/ctx6\/index.php?rest_route=\/wp\/v2\/users\/3"}],"replies":[{"embeddable":true,"href":"https:\/\/handbuch.sdigroup.de\/ctx6\/index.php?rest_route=%2Fwp%2Fv2%2Fcomments&post=482"}],"version-history":[{"count":2,"href":"https:\/\/handbuch.sdigroup.de\/ctx6\/index.php?rest_route=\/wp\/v2\/pages\/482\/revisions"}],"predecessor-version":[{"id":1787,"href":"https:\/\/handbuch.sdigroup.de\/ctx6\/index.php?rest_route=\/wp\/v2\/pages\/482\/revisions\/1787"}],"up":[{"embeddable":true,"href":"https:\/\/handbuch.sdigroup.de\/ctx6\/index.php?rest_route=\/wp\/v2\/pages\/457"}],"wp:attachment":[{"href":"https:\/\/handbuch.sdigroup.de\/ctx6\/index.php?rest_route=%2Fwp%2Fv2%2Fmedia&parent=482"}],"curies":[{"name":"wp","href":"https:\/\/api.w.org\/{rel}","templated":true}]}}