{"id":424,"date":"2016-07-01T17:45:53","date_gmt":"2016-07-01T15:45:53","guid":{"rendered":"http:\/\/handbuch.sdigroup.de\/ctx\/?page_id=424"},"modified":"2023-08-09T11:32:02","modified_gmt":"2023-08-09T09:32:02","slug":"offene-postenliste","status":"publish","type":"page","link":"https:\/\/handbuch.sdigroup.de\/ctx6\/?page_id=424","title":{"rendered":"Offene Postenliste"},"content":{"rendered":"<p>W\u00e4hlen Sie folgende Schritte<\/p>\n<p><span style=\"background-color: #808080; color: #ffffff;\">Schritt 1<\/span><\/p>\n<p>In der Hauptnavigation auf <strong>&#8222;Kontrolle&#8220; <\/strong>gehen.<\/p>\n<p><span style=\"background-color: #808080; color: #ffffff;\">Schritt 2<\/span><\/p>\n<p>Klicken sie oben in der Men\u00fczeile dann auf &#8222;<strong>Offene Posten&#8220;.<\/strong><\/p>\n<p><img loading=\"lazy\" decoding=\"async\" class=\"alignnone wp-image-1567 size-full\" src=\"https:\/\/handbuch.sdigroup.de\/ctx6\/wp-content\/uploads\/Offene-posten.png\" alt=\"\" width=\"1279\" height=\"940\" srcset=\"https:\/\/handbuch.sdigroup.de\/ctx6\/wp-content\/uploads\/Offene-posten.png 1279w, https:\/\/handbuch.sdigroup.de\/ctx6\/wp-content\/uploads\/Offene-posten-300x220.png 300w, https:\/\/handbuch.sdigroup.de\/ctx6\/wp-content\/uploads\/Offene-posten-1024x753.png 1024w\" sizes=\"auto, (max-width: 1279px) 100vw, 1279px\" \/><\/p>\n<p><span style=\"background-color: #808080; color: #ffffff;\">Schritt 3<\/span><\/p>\n<p>Alle offenen Rechnungen werden gesucht.<\/p>\n<p>1.W\u00e4hlen Sie die Art der Sortierung<\/p>\n<p>2.Gehen Sie auf Suchliste.<\/p>\n<p>3.W\u00e4hlen Sie den entsprechenden Druck.<\/p>\n","protected":false},"excerpt":{"rendered":"<p>W\u00e4hlen Sie folgende Schritte Schritt 1 In der Hauptnavigation auf &#8222;Kontrolle&#8220; gehen. Schritt 2 Klicken sie oben in der Men\u00fczeile dann auf &#8222;Offene Posten&#8220;. Schritt 3 Alle offenen Rechnungen werden gesucht. 1.W\u00e4hlen Sie die Art der Sortierung 2.Gehen Sie auf Suchliste. 3.W\u00e4hlen Sie den entsprechenden Druck.<\/p>\n","protected":false},"author":5,"featured_media":0,"parent":24,"menu_order":0,"comment_status":"closed","ping_status":"closed","template":"","meta":{"footnotes":""},"class_list":["post-424","page","type-page","status-publish","hentry"],"_links":{"self":[{"href":"https:\/\/handbuch.sdigroup.de\/ctx6\/index.php?rest_route=\/wp\/v2\/pages\/424","targetHints":{"allow":["GET"]}}],"collection":[{"href":"https:\/\/handbuch.sdigroup.de\/ctx6\/index.php?rest_route=\/wp\/v2\/pages"}],"about":[{"href":"https:\/\/handbuch.sdigroup.de\/ctx6\/index.php?rest_route=\/wp\/v2\/types\/page"}],"author":[{"embeddable":true,"href":"https:\/\/handbuch.sdigroup.de\/ctx6\/index.php?rest_route=\/wp\/v2\/users\/5"}],"replies":[{"embeddable":true,"href":"https:\/\/handbuch.sdigroup.de\/ctx6\/index.php?rest_route=%2Fwp%2Fv2%2Fcomments&post=424"}],"version-history":[{"count":6,"href":"https:\/\/handbuch.sdigroup.de\/ctx6\/index.php?rest_route=\/wp\/v2\/pages\/424\/revisions"}],"predecessor-version":[{"id":1805,"href":"https:\/\/handbuch.sdigroup.de\/ctx6\/index.php?rest_route=\/wp\/v2\/pages\/424\/revisions\/1805"}],"up":[{"embeddable":true,"href":"https:\/\/handbuch.sdigroup.de\/ctx6\/index.php?rest_route=\/wp\/v2\/pages\/24"}],"wp:attachment":[{"href":"https:\/\/handbuch.sdigroup.de\/ctx6\/index.php?rest_route=%2Fwp%2Fv2%2Fmedia&parent=424"}],"curies":[{"name":"wp","href":"https:\/\/api.w.org\/{rel}","templated":true}]}}