{"id":38,"date":"2016-02-23T15:45:33","date_gmt":"2016-02-23T14:45:33","guid":{"rendered":"http:\/\/handbuch.sdigroup.de\/ctx\/?page_id=38"},"modified":"2023-08-09T10:30:44","modified_gmt":"2023-08-09T08:30:44","slug":"kundenkarte","status":"publish","type":"page","link":"https:\/\/handbuch.sdigroup.de\/ctx6\/?page_id=38","title":{"rendered":"Kundenkarte"},"content":{"rendered":"<p>W\u00e4hlen Sie folgende Schritte<\/p>\n<p><span style=\"background-color: #808080; color: #ffffff;\">Schritt 1<\/span><\/p>\n<p>Im Hauptmen\u00fc auf <strong>&#8222;Kundenstamm&#8220;<\/strong> klicken oder links in der Hauptnavigation <strong>&#8222;Kunden&#8220;<\/strong> ausw\u00e4hlen.<\/p>\n<p><span style=\"background-color: #808080; color: #ffffff;\">Schritt 2<\/span><\/p>\n<p>Anhand Kundenkriterien den Kunden<strong> &#8222;Suchen &#8211; F8&#8220;.<\/strong><\/p>\n<p><span style=\"background-color: #808080; color: #ffffff;\">Schritt 3<\/span><\/p>\n<p>In der Men\u00fczeile das Pulldown-Men\u00fc <strong>&#8222;Liste&#8220;<\/strong> anklicken.<\/p>\n<p><span style=\"background-color: #808080; color: #ffffff;\">Schritt 4<\/span><\/p>\n<p>Die Frage <strong>&#8222;Die Kunden-Ums\u00e4tze anzeigen&#8220; <\/strong>mit <strong>&#8222;NEIN&#8220; <\/strong>beantworten.<\/p>\n<p><span style=\"background-color: #808080; color: #ffffff;\">Schritt 5<\/span><\/p>\n<p>In dem Tabellenmen\u00fc unter &#8222;<b>Drucken&#8220;<\/b> ,<b>Kundenkarten<\/b> ausw\u00e4hlen und ausdrucken<\/p>\n<p><i>(Kundenkarte\/-n werden gedruckt)<\/i><\/p>\n","protected":false},"excerpt":{"rendered":"<p>W\u00e4hlen Sie folgende Schritte Schritt 1 Im Hauptmen\u00fc auf &#8222;Kundenstamm&#8220; klicken oder links in der Hauptnavigation &#8222;Kunden&#8220; ausw\u00e4hlen. Schritt 2 Anhand Kundenkriterien den Kunden &#8222;Suchen &#8211; F8&#8220;. Schritt 3 In der Men\u00fczeile das Pulldown-Men\u00fc &#8222;Liste&#8220; anklicken. Schritt 4 Die Frage &#8222;Die Kunden-Ums\u00e4tze anzeigen&#8220; mit &#8222;NEIN&#8220; beantworten. Schritt 5 In dem Tabellenmen\u00fc unter &#8222;Drucken&#8220; ,Kundenkarten ausw\u00e4hlen [&hellip;]<\/p>\n","protected":false},"author":3,"featured_media":0,"parent":26,"menu_order":0,"comment_status":"closed","ping_status":"closed","template":"","meta":{"footnotes":""},"class_list":["post-38","page","type-page","status-publish","hentry"],"_links":{"self":[{"href":"https:\/\/handbuch.sdigroup.de\/ctx6\/index.php?rest_route=\/wp\/v2\/pages\/38","targetHints":{"allow":["GET"]}}],"collection":[{"href":"https:\/\/handbuch.sdigroup.de\/ctx6\/index.php?rest_route=\/wp\/v2\/pages"}],"about":[{"href":"https:\/\/handbuch.sdigroup.de\/ctx6\/index.php?rest_route=\/wp\/v2\/types\/page"}],"author":[{"embeddable":true,"href":"https:\/\/handbuch.sdigroup.de\/ctx6\/index.php?rest_route=\/wp\/v2\/users\/3"}],"replies":[{"embeddable":true,"href":"https:\/\/handbuch.sdigroup.de\/ctx6\/index.php?rest_route=%2Fwp%2Fv2%2Fcomments&post=38"}],"version-history":[{"count":3,"href":"https:\/\/handbuch.sdigroup.de\/ctx6\/index.php?rest_route=\/wp\/v2\/pages\/38\/revisions"}],"predecessor-version":[{"id":1767,"href":"https:\/\/handbuch.sdigroup.de\/ctx6\/index.php?rest_route=\/wp\/v2\/pages\/38\/revisions\/1767"}],"up":[{"embeddable":true,"href":"https:\/\/handbuch.sdigroup.de\/ctx6\/index.php?rest_route=\/wp\/v2\/pages\/26"}],"wp:attachment":[{"href":"https:\/\/handbuch.sdigroup.de\/ctx6\/index.php?rest_route=%2Fwp%2Fv2%2Fmedia&parent=38"}],"curies":[{"name":"wp","href":"https:\/\/api.w.org\/{rel}","templated":true}]}}