{"id":34,"date":"2016-02-23T15:45:04","date_gmt":"2016-02-23T14:45:04","guid":{"rendered":"http:\/\/handbuch.sdigroup.de\/ctx\/?page_id=34"},"modified":"2023-08-09T11:29:17","modified_gmt":"2023-08-09T09:29:17","slug":"kundenliste","status":"publish","type":"page","link":"https:\/\/handbuch.sdigroup.de\/ctx6\/?page_id=34","title":{"rendered":"Kundenliste"},"content":{"rendered":"<p>W\u00e4hlen Sie folgende Schritte<\/p>\n<p><span style=\"background-color: #808080; color: #ffffff;\">Schritt 1<\/span><\/p>\n<p>W\u00e4hlen sie in der Hauptnavigation <strong>&#8222;Kunden&#8220;.<\/strong><\/p>\n<p><span style=\"background-color: #808080; color: #ffffff;\">Schritt 2<\/span><\/p>\n<p>Bet\u00e4tigen sie<strong> &#8222;Suchen&#8220; <\/strong>oder Schaltfl\u00e4che<strong> &#8222;F8&#8220;<\/strong><\/p>\n<p><span style=\"background-color: #808080; color: #ffffff;\">Schritt 3<\/span><\/p>\n<p>Gehen sie in der Men\u00fczeile auf <strong>Start<\/strong> und dann auf das Pulldwon-Men\u00fc <strong>&#8222;Liste&#8220;<\/strong><\/p>\n<p><span style=\"background-color: #808080; color: #ffffff;\">Schritt 4<\/span><\/p>\n<p>In dem Tabellenmen\u00fc <b>Drucken<\/b> w\u00e4hlen.<\/p>\n<p><span style=\"background-color: #808080; color: #ffffff;\">Schritt 5<\/span><\/p>\n<p>Das Pulldown-Men\u00fc <strong>&#8222;Liste&#8220;<\/strong> anklicken.<\/p>\n<p><i>(Kundenliste wird gedruckt)<\/i><\/p>\n","protected":false},"excerpt":{"rendered":"<p>W\u00e4hlen Sie folgende Schritte Schritt 1 W\u00e4hlen sie in der Hauptnavigation &#8222;Kunden&#8220;. Schritt 2 Bet\u00e4tigen sie &#8222;Suchen&#8220; oder Schaltfl\u00e4che &#8222;F8&#8220; Schritt 3 Gehen sie in der Men\u00fczeile auf Start und dann auf das Pulldwon-Men\u00fc &#8222;Liste&#8220; Schritt 4 In dem Tabellenmen\u00fc Drucken w\u00e4hlen. Schritt 5 Das Pulldown-Men\u00fc &#8222;Liste&#8220; anklicken. (Kundenliste wird gedruckt)<\/p>\n","protected":false},"author":3,"featured_media":0,"parent":24,"menu_order":0,"comment_status":"closed","ping_status":"closed","template":"","meta":{"footnotes":""},"class_list":["post-34","page","type-page","status-publish","hentry"],"_links":{"self":[{"href":"https:\/\/handbuch.sdigroup.de\/ctx6\/index.php?rest_route=\/wp\/v2\/pages\/34","targetHints":{"allow":["GET"]}}],"collection":[{"href":"https:\/\/handbuch.sdigroup.de\/ctx6\/index.php?rest_route=\/wp\/v2\/pages"}],"about":[{"href":"https:\/\/handbuch.sdigroup.de\/ctx6\/index.php?rest_route=\/wp\/v2\/types\/page"}],"author":[{"embeddable":true,"href":"https:\/\/handbuch.sdigroup.de\/ctx6\/index.php?rest_route=\/wp\/v2\/users\/3"}],"replies":[{"embeddable":true,"href":"https:\/\/handbuch.sdigroup.de\/ctx6\/index.php?rest_route=%2Fwp%2Fv2%2Fcomments&post=34"}],"version-history":[{"count":3,"href":"https:\/\/handbuch.sdigroup.de\/ctx6\/index.php?rest_route=\/wp\/v2\/pages\/34\/revisions"}],"predecessor-version":[{"id":1780,"href":"https:\/\/handbuch.sdigroup.de\/ctx6\/index.php?rest_route=\/wp\/v2\/pages\/34\/revisions\/1780"}],"up":[{"embeddable":true,"href":"https:\/\/handbuch.sdigroup.de\/ctx6\/index.php?rest_route=\/wp\/v2\/pages\/24"}],"wp:attachment":[{"href":"https:\/\/handbuch.sdigroup.de\/ctx6\/index.php?rest_route=%2Fwp%2Fv2%2Fmedia&parent=34"}],"curies":[{"name":"wp","href":"https:\/\/api.w.org\/{rel}","templated":true}]}}