{"id":312,"date":"2016-07-01T15:09:50","date_gmt":"2016-07-01T13:09:50","guid":{"rendered":"http:\/\/handbuch.sdigroup.de\/ctx\/?page_id=312"},"modified":"2023-08-09T11:49:25","modified_gmt":"2023-08-09T09:49:25","slug":"kunde-kommt-zurueck-und-will-ware-mit-aelterer-gutschrift-begleichen","status":"publish","type":"page","link":"https:\/\/handbuch.sdigroup.de\/ctx6\/?page_id=312","title":{"rendered":"Einl\u00f6sen"},"content":{"rendered":"<ol>\n<li><strong>&#8222;Kasse&#8220; <\/strong>im Hauptmen\u00fc oder links in der <strong>Hauptnavigation<\/strong> ausw\u00e4hlen<\/li>\n<li><strong>Beleg<\/strong> bei Bearbeitungsart ausw\u00e4hlen<\/li>\n<li>Kunden aus dem Men\u00fc w\u00e4hlen\u00a0<strong>(optional)<\/strong><\/li>\n<li>Artikel abscannen oder manuell eingeben<\/li>\n<li><strong>&#8222;F4&#8220;<\/strong> f\u00fcr <strong>Zahlung Drucken<\/strong> dr\u00fccken und auf <strong>Gutschriftliste<\/strong> klicken, nun die Gutschrift aus der <strong>Gutschriftliste<\/strong>\u00a0ausw\u00e4hlen, welche verrechnet werden soll und Gutschrift als Zahlungsmittel w\u00e4hlen<\/li>\n<li>Restbetr\u00e4ge k\u00f6nnen dann \u00fcber andere Zahlungsmittel verrechnet werden<\/li>\n<\/ol>\n","protected":false},"excerpt":{"rendered":"<p>&#8222;Kasse&#8220; im Hauptmen\u00fc oder links in der Hauptnavigation ausw\u00e4hlen Beleg bei Bearbeitungsart ausw\u00e4hlen Kunden aus dem Men\u00fc w\u00e4hlen\u00a0(optional) Artikel abscannen oder manuell eingeben &#8222;F4&#8220; f\u00fcr Zahlung Drucken dr\u00fccken und auf Gutschriftliste klicken, nun die Gutschrift aus der Gutschriftliste\u00a0ausw\u00e4hlen, welche verrechnet werden soll und Gutschrift als Zahlungsmittel w\u00e4hlen Restbetr\u00e4ge k\u00f6nnen dann \u00fcber andere Zahlungsmittel verrechnet werden<\/p>\n","protected":false},"author":5,"featured_media":0,"parent":2063,"menu_order":0,"comment_status":"closed","ping_status":"closed","template":"","meta":{"footnotes":""},"class_list":["post-312","page","type-page","status-publish","hentry"],"_links":{"self":[{"href":"https:\/\/handbuch.sdigroup.de\/ctx6\/index.php?rest_route=\/wp\/v2\/pages\/312","targetHints":{"allow":["GET"]}}],"collection":[{"href":"https:\/\/handbuch.sdigroup.de\/ctx6\/index.php?rest_route=\/wp\/v2\/pages"}],"about":[{"href":"https:\/\/handbuch.sdigroup.de\/ctx6\/index.php?rest_route=\/wp\/v2\/types\/page"}],"author":[{"embeddable":true,"href":"https:\/\/handbuch.sdigroup.de\/ctx6\/index.php?rest_route=\/wp\/v2\/users\/5"}],"replies":[{"embeddable":true,"href":"https:\/\/handbuch.sdigroup.de\/ctx6\/index.php?rest_route=%2Fwp%2Fv2%2Fcomments&post=312"}],"version-history":[{"count":4,"href":"https:\/\/handbuch.sdigroup.de\/ctx6\/index.php?rest_route=\/wp\/v2\/pages\/312\/revisions"}],"predecessor-version":[{"id":2091,"href":"https:\/\/handbuch.sdigroup.de\/ctx6\/index.php?rest_route=\/wp\/v2\/pages\/312\/revisions\/2091"}],"up":[{"embeddable":true,"href":"https:\/\/handbuch.sdigroup.de\/ctx6\/index.php?rest_route=\/wp\/v2\/pages\/2063"}],"wp:attachment":[{"href":"https:\/\/handbuch.sdigroup.de\/ctx6\/index.php?rest_route=%2Fwp%2Fv2%2Fmedia&parent=312"}],"curies":[{"name":"wp","href":"https:\/\/api.w.org\/{rel}","templated":true}]}}