{"id":308,"date":"2016-07-01T15:08:53","date_gmt":"2016-07-01T13:08:53","guid":{"rendered":"http:\/\/handbuch.sdigroup.de\/ctx\/?page_id=308"},"modified":"2023-08-09T11:38:26","modified_gmt":"2023-08-09T09:38:26","slug":"kunde-moechte-ware-normal-kaufen","status":"publish","type":"page","link":"https:\/\/handbuch.sdigroup.de\/ctx6\/?page_id=308","title":{"rendered":"Kunde m\u00f6chte Ware kaufen"},"content":{"rendered":"<ol>\n<li>Im Hauptmen\u00fc auf<strong> &#8222;Kasse&#8220; <\/strong>oder unter der Hauptnavigation bei <strong>Auftrag \/ Verkauf\u00a0<\/strong>auf <strong>&#8222;Kasse&#8220;<\/strong><\/li>\n<li>Beleg bei Bearbeitungsart ausw\u00e4hlen<\/li>\n<li><img loading=\"lazy\" decoding=\"async\" class=\"alignnone wp-image-1517 size-full\" src=\"https:\/\/handbuch.sdigroup.de\/ctx6\/wp-content\/uploads\/Bearbeitungsart.png\" alt=\"\" width=\"238\" height=\"60\" \/><\/li>\n<li>Kunden aus dem Men\u00fc w\u00e4hlen <b>(optional)<\/b><\/li>\n<li>Artikel abscannen oder manuell eingeben.<\/li>\n<li><strong>&#8222;F4&#8220;<\/strong> f\u00fcr Drucken dr\u00fccken und Zahlungsart kl\u00e4ren<\/li>\n<\/ol>\n<p><img loading=\"lazy\" decoding=\"async\" class=\"alignnone size-full wp-image-1520\" src=\"https:\/\/handbuch.sdigroup.de\/ctx6\/wp-content\/uploads\/Zahlung.png\" alt=\"\" width=\"541\" height=\"341\" srcset=\"https:\/\/handbuch.sdigroup.de\/ctx6\/wp-content\/uploads\/Zahlung.png 541w, https:\/\/handbuch.sdigroup.de\/ctx6\/wp-content\/uploads\/Zahlung-300x189.png 300w\" sizes=\"auto, (max-width: 541px) 100vw, 541px\" \/><\/p>\n\n\n<p><ol> <li>Im Hauptmen\u00fc auf<strong> &#8222;Kasse&#8220; <\/strong>oder unter der Hauptnavigation bei <strong>Auftrag \/ Verkauf\u00a0<\/strong>auf <strong>&#8222;Kasse&#8220;<\/strong><\/li> <li>Beleg bei Bearbeitungsart ausw\u00e4hlen<\/li> <li><img loading=\"lazy\" decoding=\"async\" width=\"238\" height=\"60\" class=\"alignnone wp-image-1517 size-full\" src=\"https:\/\/handbuch.sdigroup.de\/ctx6\/wp-content\/uploads\/Bearbeitungsart.png\" alt=\"\"><\/li> <li>Kunden aus dem Men\u00fc w\u00e4hlen <b>(optional)<\/b><\/li> <li>Artikel abscannen oder manuell eingeben.<\/li> <li><strong>&#8222;F4&#8220;<\/strong> f\u00fcr Drucken dr\u00fccken und Zahlungsart kl\u00e4ren<\/li> <\/ol><p><img loading=\"lazy\" decoding=\"async\" width=\"541\" height=\"341\" class=\"alignnone size-full wp-image-1520\" src=\"https:\/\/handbuch.sdigroup.de\/ctx6\/wp-content\/uploads\/Zahlung.png\" alt=\"\" srcset=\"https:\/\/handbuch.sdigroup.de\/ctx6\/wp-content\/uploads\/Zahlung.png 541w, https:\/\/handbuch.sdigroup.de\/ctx6\/wp-content\/uploads\/Zahlung-300x189.png 300w\" sizes=\"auto, (max-width: 541px) 100vw, 541px\" \/><\/p><\/p>\n\n\n\n<p>Quittung per E-Mail an Kunden sieht so aus:<\/p>\n<p><img loading=\"lazy\" decoding=\"async\" class=\"alignnone size-full wp-image-1837\" src=\"https:\/\/handbuch.sdigroup.de\/ctx6\/wp-content\/uploads\/Anmerkung-2020-02-03-100200-6-1024x550-1.png\" alt=\"\" width=\"1024\" height=\"550\" srcset=\"https:\/\/handbuch.sdigroup.de\/ctx6\/wp-content\/uploads\/Anmerkung-2020-02-03-100200-6-1024x550-1.png 1024w, https:\/\/handbuch.sdigroup.de\/ctx6\/wp-content\/uploads\/Anmerkung-2020-02-03-100200-6-1024x550-1-300x161.png 300w\" sizes=\"auto, (max-width: 1024px) 100vw, 1024px\" \/><\/p>\n","protected":false},"excerpt":{"rendered":"<p>Im Hauptmen\u00fc auf &#8222;Kasse&#8220; oder unter der Hauptnavigation bei Auftrag \/ Verkauf\u00a0auf &#8222;Kasse&#8220; Beleg bei Bearbeitungsart ausw\u00e4hlen Kunden aus dem Men\u00fc w\u00e4hlen (optional) Artikel abscannen oder manuell eingeben. &#8222;F4&#8220; f\u00fcr Drucken dr\u00fccken und Zahlungsart kl\u00e4ren Im Hauptmen\u00fc auf &#8222;Kasse&#8220; oder unter der Hauptnavigation bei Auftrag \/ Verkauf\u00a0auf &#8222;Kasse&#8220; Beleg bei Bearbeitungsart ausw\u00e4hlen Kunden aus dem [&hellip;]<\/p>\n","protected":false},"author":5,"featured_media":0,"parent":48,"menu_order":0,"comment_status":"closed","ping_status":"closed","template":"","meta":{"footnotes":""},"class_list":["post-308","page","type-page","status-publish","hentry"],"_links":{"self":[{"href":"https:\/\/handbuch.sdigroup.de\/ctx6\/index.php?rest_route=\/wp\/v2\/pages\/308","targetHints":{"allow":["GET"]}}],"collection":[{"href":"https:\/\/handbuch.sdigroup.de\/ctx6\/index.php?rest_route=\/wp\/v2\/pages"}],"about":[{"href":"https:\/\/handbuch.sdigroup.de\/ctx6\/index.php?rest_route=\/wp\/v2\/types\/page"}],"author":[{"embeddable":true,"href":"https:\/\/handbuch.sdigroup.de\/ctx6\/index.php?rest_route=\/wp\/v2\/users\/5"}],"replies":[{"embeddable":true,"href":"https:\/\/handbuch.sdigroup.de\/ctx6\/index.php?rest_route=%2Fwp%2Fv2%2Fcomments&post=308"}],"version-history":[{"count":8,"href":"https:\/\/handbuch.sdigroup.de\/ctx6\/index.php?rest_route=\/wp\/v2\/pages\/308\/revisions"}],"predecessor-version":[{"id":1839,"href":"https:\/\/handbuch.sdigroup.de\/ctx6\/index.php?rest_route=\/wp\/v2\/pages\/308\/revisions\/1839"}],"up":[{"embeddable":true,"href":"https:\/\/handbuch.sdigroup.de\/ctx6\/index.php?rest_route=\/wp\/v2\/pages\/48"}],"wp:attachment":[{"href":"https:\/\/handbuch.sdigroup.de\/ctx6\/index.php?rest_route=%2Fwp%2Fv2%2Fmedia&parent=308"}],"curies":[{"name":"wp","href":"https:\/\/api.w.org\/{rel}","templated":true}]}}