{"id":275,"date":"2016-07-01T14:29:06","date_gmt":"2016-07-01T12:29:06","guid":{"rendered":"http:\/\/handbuch.sdigroup.de\/ctx\/?page_id=275"},"modified":"2023-08-09T10:30:29","modified_gmt":"2023-08-09T08:30:29","slug":"externer-serienbrief","status":"publish","type":"page","link":"https:\/\/handbuch.sdigroup.de\/ctx6\/?page_id=275","title":{"rendered":"Externer Serienbrief"},"content":{"rendered":"<p><span style=\"background-color: #808080; color: #ffffff;\">Schritt 1<\/span><\/p>\n<p>Serienbrief mit Word f\u00fcr Windows schreiben &#8211; dann zu Cashtex wechseln:<\/p>\n<p><span style=\"color: #ffffff; background-color: #808080;\">Schritt 2<\/span><\/p>\n<p>W\u00e4hlen Sie im Hauptmen\u00fc <strong>&#8222;Kundenstamm&#8220;<\/strong> aus oder in der Hauptnavigation links <strong>&#8222;Kunden&#8220;.<\/strong><\/p>\n<p><span style=\"background-color: #808080; color: #ffffff;\">Schritt 3<\/span><\/p>\n<p>Kunden anhand Kunden Kriterien <strong>&#8222;Suchen &#8211; F8&#8220;<\/strong><\/p>\n<p><span style=\"background-color: #808080; color: #ffffff;\">Schritt 4<\/span><\/p>\n<p>Nach erfolgreicher Eingabe, oben in der Men\u00fczeile &#8222;<strong>Liste&#8220;<\/strong> ausw\u00e4hlen.<\/p>\n<p>Beantworten sie die Frage mit <strong>&#8222;NEIN&#8220;.<\/strong><\/p>\n<p><span style=\"background-color: #808080; color: #ffffff;\">Schritt 5<\/span><\/p>\n<p>In der &#8222;<b>Men\u00fcleiste&#8220;<\/b> w\u00e4hlen Sie <strong>Daten-<\/strong><b>Export <\/b>aus. Und dort klicken Sie auf<b> &#8222;ASCII (odbc.csv)&#8220;<\/b><\/p>\n<ol>\n<li>HD Mode erstellt mit dem Knopf <strong>&#8222;ASCII odbc.cvs&#8220;<\/strong> im Verzeichnis C:\\SDIBASE\\ eine Datei mit Namen <b>odcb.txt<\/b>. Diese Datei ist die Datenquelle f\u00fcr den Word f\u00fcr Windows-Serienbrief, wird im n\u00e4chsten Schritt gem\u00e4\u00df Word f\u00fcr Windows-Handbuch mit dem Serienbrief verbunden und dann in Word f\u00fcr Windows ausgedruckt.<\/li>\n<\/ol>\n","protected":false},"excerpt":{"rendered":"<p>Schritt 1 Serienbrief mit Word f\u00fcr Windows schreiben &#8211; dann zu Cashtex wechseln: Schritt 2 W\u00e4hlen Sie im Hauptmen\u00fc &#8222;Kundenstamm&#8220; aus oder in der Hauptnavigation links &#8222;Kunden&#8220;. Schritt 3 Kunden anhand Kunden Kriterien &#8222;Suchen &#8211; F8&#8220; Schritt 4 Nach erfolgreicher Eingabe, oben in der Men\u00fczeile &#8222;Liste&#8220; ausw\u00e4hlen. Beantworten sie die Frage mit &#8222;NEIN&#8220;. Schritt 5 [&hellip;]<\/p>\n","protected":false},"author":5,"featured_media":0,"parent":26,"menu_order":0,"comment_status":"closed","ping_status":"closed","template":"","meta":{"footnotes":""},"class_list":["post-275","page","type-page","status-publish","hentry"],"_links":{"self":[{"href":"https:\/\/handbuch.sdigroup.de\/ctx6\/index.php?rest_route=\/wp\/v2\/pages\/275","targetHints":{"allow":["GET"]}}],"collection":[{"href":"https:\/\/handbuch.sdigroup.de\/ctx6\/index.php?rest_route=\/wp\/v2\/pages"}],"about":[{"href":"https:\/\/handbuch.sdigroup.de\/ctx6\/index.php?rest_route=\/wp\/v2\/types\/page"}],"author":[{"embeddable":true,"href":"https:\/\/handbuch.sdigroup.de\/ctx6\/index.php?rest_route=\/wp\/v2\/users\/5"}],"replies":[{"embeddable":true,"href":"https:\/\/handbuch.sdigroup.de\/ctx6\/index.php?rest_route=%2Fwp%2Fv2%2Fcomments&post=275"}],"version-history":[{"count":4,"href":"https:\/\/handbuch.sdigroup.de\/ctx6\/index.php?rest_route=\/wp\/v2\/pages\/275\/revisions"}],"predecessor-version":[{"id":1920,"href":"https:\/\/handbuch.sdigroup.de\/ctx6\/index.php?rest_route=\/wp\/v2\/pages\/275\/revisions\/1920"}],"up":[{"embeddable":true,"href":"https:\/\/handbuch.sdigroup.de\/ctx6\/index.php?rest_route=\/wp\/v2\/pages\/26"}],"wp:attachment":[{"href":"https:\/\/handbuch.sdigroup.de\/ctx6\/index.php?rest_route=%2Fwp%2Fv2%2Fmedia&parent=275"}],"curies":[{"name":"wp","href":"https:\/\/api.w.org\/{rel}","templated":true}]}}