{"id":203,"date":"2016-07-01T12:57:53","date_gmt":"2016-07-01T10:57:53","guid":{"rendered":"http:\/\/handbuch.sdigroup.de\/ctx\/?page_id=203"},"modified":"2023-08-09T11:53:28","modified_gmt":"2023-08-09T09:53:28","slug":"lager-protokoll","status":"publish","type":"page","link":"https:\/\/handbuch.sdigroup.de\/ctx6\/?page_id=203","title":{"rendered":"Lager &#8211; Protokoll"},"content":{"rendered":"<p>Das Fenster <strong>&#8222;Lager &#8211; Protokoll&#8220;<\/strong> erm\u00f6glicht es Ihnen, sich alle gespeicherten Datensatz\u00e4nderungen oder Lagerbewegungen anzuschauen.<br \/>\nDamit k\u00f6nnen Sie sowohl bei Bestandsdifferenzen Fehl-Buchungen suchen als auch beim Eintreffen nachbestellter Ware die richtige Anzahl von Artikeletiketten ausdrucken.<\/p>\n<p><img loading=\"lazy\" decoding=\"async\" class=\"alignnone wp-image-1581 size-full\" src=\"https:\/\/handbuch.sdigroup.de\/ctx6\/wp-content\/uploads\/Lagerprotokoll-1.png\" alt=\"\" width=\"923\" height=\"582\" srcset=\"https:\/\/handbuch.sdigroup.de\/ctx6\/wp-content\/uploads\/Lagerprotokoll-1.png 923w, https:\/\/handbuch.sdigroup.de\/ctx6\/wp-content\/uploads\/Lagerprotokoll-1-300x189.png 300w\" sizes=\"auto, (max-width: 923px) 100vw, 923px\" \/><\/p>\n<p>Die <b>Men\u00fcleiste<\/b> beinhaltet die Standardmen\u00fcs der Eingabemasken.<\/p>\n<p>Das Men\u00fc <b>Start<\/b> beinhaltet die Befehle Neu, Suchen, Lagerbewegungsprotokolle,\u00a0 Lagerverwaltungsprotokolle, Liste Erster Vor, Nach, Letzte, Hilfe und Beenden.<\/p>\n<p>Mit dem Men\u00fc <strong>Bearbeiten<\/strong> k\u00f6nnen Sie Schaltfl\u00e4chen per Maus bedienen.<\/p>\n<p>Das Men\u00fc <b>Sortierung<\/b> erm\u00f6glicht es Ihnen, die Datens\u00e4tze nach Artikel-Nr., Artikelname, Lieferantenname, Kommissionsware, Lagerzugang und Lagerabgang zu sortieren.<\/p>\n","protected":false},"excerpt":{"rendered":"<p>Das Fenster &#8222;Lager &#8211; Protokoll&#8220; erm\u00f6glicht es Ihnen, sich alle gespeicherten Datensatz\u00e4nderungen oder Lagerbewegungen anzuschauen. Damit k\u00f6nnen Sie sowohl bei Bestandsdifferenzen Fehl-Buchungen suchen als auch beim Eintreffen nachbestellter Ware die richtige Anzahl von Artikeletiketten ausdrucken. Die Men\u00fcleiste beinhaltet die Standardmen\u00fcs der Eingabemasken. Das Men\u00fc Start beinhaltet die Befehle Neu, Suchen, Lagerbewegungsprotokolle,\u00a0 Lagerverwaltungsprotokolle, Liste Erster Vor, [&hellip;]<\/p>\n","protected":false},"author":5,"featured_media":0,"parent":30,"menu_order":0,"comment_status":"closed","ping_status":"closed","template":"","meta":{"footnotes":""},"class_list":["post-203","page","type-page","status-publish","hentry"],"_links":{"self":[{"href":"https:\/\/handbuch.sdigroup.de\/ctx6\/index.php?rest_route=\/wp\/v2\/pages\/203","targetHints":{"allow":["GET"]}}],"collection":[{"href":"https:\/\/handbuch.sdigroup.de\/ctx6\/index.php?rest_route=\/wp\/v2\/pages"}],"about":[{"href":"https:\/\/handbuch.sdigroup.de\/ctx6\/index.php?rest_route=\/wp\/v2\/types\/page"}],"author":[{"embeddable":true,"href":"https:\/\/handbuch.sdigroup.de\/ctx6\/index.php?rest_route=\/wp\/v2\/users\/5"}],"replies":[{"embeddable":true,"href":"https:\/\/handbuch.sdigroup.de\/ctx6\/index.php?rest_route=%2Fwp%2Fv2%2Fcomments&post=203"}],"version-history":[{"count":3,"href":"https:\/\/handbuch.sdigroup.de\/ctx6\/index.php?rest_route=\/wp\/v2\/pages\/203\/revisions"}],"predecessor-version":[{"id":1828,"href":"https:\/\/handbuch.sdigroup.de\/ctx6\/index.php?rest_route=\/wp\/v2\/pages\/203\/revisions\/1828"}],"up":[{"embeddable":true,"href":"https:\/\/handbuch.sdigroup.de\/ctx6\/index.php?rest_route=\/wp\/v2\/pages\/30"}],"wp:attachment":[{"href":"https:\/\/handbuch.sdigroup.de\/ctx6\/index.php?rest_route=%2Fwp%2Fv2%2Fmedia&parent=203"}],"curies":[{"name":"wp","href":"https:\/\/api.w.org\/{rel}","templated":true}]}}