{"id":20,"date":"2016-02-23T15:43:04","date_gmt":"2016-02-23T14:43:04","guid":{"rendered":"http:\/\/handbuch.sdigroup.de\/ctx\/?page_id=20"},"modified":"2023-08-09T10:17:10","modified_gmt":"2023-08-09T08:17:10","slug":"grundeinstellungen","status":"publish","type":"page","link":"https:\/\/handbuch.sdigroup.de\/ctx6\/?page_id=20","title":{"rendered":"Grundeinstellungen"},"content":{"rendered":"<div class=\"ueberschrift2\"><strong>1. Grundeinstellungen<\/strong><\/div>\n<p>W\u00e4hlen Sie den Befehl <strong>&#8222;Grundeinstellungen&#8220;<\/strong> im Men\u00fc Systemeinstellungen, dann erscheint folgendes Fenster:<\/p>\n<p><img loading=\"lazy\" decoding=\"async\" class=\"alignnone wp-image-1589 size-full\" src=\"https:\/\/handbuch.sdigroup.de\/ctx6\/wp-content\/uploads\/Grundeinstellungen.png\" alt=\"\" width=\"583\" height=\"339\" srcset=\"https:\/\/handbuch.sdigroup.de\/ctx6\/wp-content\/uploads\/Grundeinstellungen.png 583w, https:\/\/handbuch.sdigroup.de\/ctx6\/wp-content\/uploads\/Grundeinstellungen-300x174.png 300w\" sizes=\"auto, (max-width: 583px) 100vw, 583px\" \/><\/p>\n<p>Im Feld <b>Start-Nr. <\/b>k\u00f6nnen die Startposition Ihrer Datensatznummern einstellen. Eine Besonderheit ist dabei die <strong>Artikel-Nr.<\/strong>, bei der Sie mit der Eingabe der <strong>Start-Nr.<\/strong> gleichzeitig die Anzahl der Stellen (zwischen 2 und 9) der Artikel-Nr. bestimmen. Im obigen Beispiel ist die Artikel-Nr. f\u00fcnfstellig.<\/p>\n<p>Die Anzahl der Stellen wird im Feld <b>Lagerverwaltung<\/b> angezeigt.<\/p>\n<p>Im Feld <b>Rechnungsverwaltung <\/b>k\u00f6nnen Sie die Anzahl der Tage, nach denen die offenen Posten in eine andere Kategorie eingeordnet werden, und die standardm\u00e4\u00dfigen Anzahl der Druckkopien eines Auftrags angeben.<\/p>\n<p>Bet\u00e4tigen Sie die Schaltfl\u00e4che &#8222;<b>Gr\u00f6\u00dfen-Tabelle&#8220;<\/b> erscheint folgendes Fenster:<\/p>\n<p><img loading=\"lazy\" decoding=\"async\" class=\"alignnone wp-image-1591 size-full\" src=\"https:\/\/handbuch.sdigroup.de\/ctx6\/wp-content\/uploads\/Grundeinstellungen-2.png\" alt=\"\" width=\"784\" height=\"515\" srcset=\"https:\/\/handbuch.sdigroup.de\/ctx6\/wp-content\/uploads\/Grundeinstellungen-2.png 784w, https:\/\/handbuch.sdigroup.de\/ctx6\/wp-content\/uploads\/Grundeinstellungen-2-300x197.png 300w\" sizes=\"auto, (max-width: 784px) 100vw, 784px\" \/><\/p>\n<p>Dieses Fenster erm\u00f6glicht es Ihnen, eigene Gr\u00f6\u00dfens\u00e4tze anzulegen. Beachten Sie dabei, das sich jede Gr\u00f6\u00dfe eindeutig von jeder anderen unterscheidet, z. B. 46 f\u00fcr Herren, D46 f\u00fcr Damen.<\/p>\n<p>Das Anlegen der Gr\u00f6\u00dfens\u00e4tze erfolgt mit Hilfe der Standardschaltfl\u00e4chen (siehe Kapitel Standardschaltfl\u00e4chen). Folgendes gilt es dabei zu beachten:<\/p>\n<p>Vor dem Bet\u00e4tigen der Schaltfl\u00e4che &#8222;<b>L\u00f6schen&#8220;<\/b> muss die entsprechende Zeile durch Anklicken des Zeilenkopfes markiert werden.<\/p>\n","protected":false},"excerpt":{"rendered":"<p>1. Grundeinstellungen W\u00e4hlen Sie den Befehl &#8222;Grundeinstellungen&#8220; im Men\u00fc Systemeinstellungen, dann erscheint folgendes Fenster: Im Feld Start-Nr. k\u00f6nnen die Startposition Ihrer Datensatznummern einstellen. Eine Besonderheit ist dabei die Artikel-Nr., bei der Sie mit der Eingabe der Start-Nr. gleichzeitig die Anzahl der Stellen (zwischen 2 und 9) der Artikel-Nr. bestimmen. Im obigen Beispiel ist die Artikel-Nr. [&hellip;]<\/p>\n","protected":false},"author":3,"featured_media":0,"parent":18,"menu_order":0,"comment_status":"closed","ping_status":"closed","template":"","meta":{"footnotes":""},"class_list":["post-20","page","type-page","status-publish","hentry"],"_links":{"self":[{"href":"https:\/\/handbuch.sdigroup.de\/ctx6\/index.php?rest_route=\/wp\/v2\/pages\/20","targetHints":{"allow":["GET"]}}],"collection":[{"href":"https:\/\/handbuch.sdigroup.de\/ctx6\/index.php?rest_route=\/wp\/v2\/pages"}],"about":[{"href":"https:\/\/handbuch.sdigroup.de\/ctx6\/index.php?rest_route=\/wp\/v2\/types\/page"}],"author":[{"embeddable":true,"href":"https:\/\/handbuch.sdigroup.de\/ctx6\/index.php?rest_route=\/wp\/v2\/users\/3"}],"replies":[{"embeddable":true,"href":"https:\/\/handbuch.sdigroup.de\/ctx6\/index.php?rest_route=%2Fwp%2Fv2%2Fcomments&post=20"}],"version-history":[{"count":3,"href":"https:\/\/handbuch.sdigroup.de\/ctx6\/index.php?rest_route=\/wp\/v2\/pages\/20\/revisions"}],"predecessor-version":[{"id":1832,"href":"https:\/\/handbuch.sdigroup.de\/ctx6\/index.php?rest_route=\/wp\/v2\/pages\/20\/revisions\/1832"}],"up":[{"embeddable":true,"href":"https:\/\/handbuch.sdigroup.de\/ctx6\/index.php?rest_route=\/wp\/v2\/pages\/18"}],"wp:attachment":[{"href":"https:\/\/handbuch.sdigroup.de\/ctx6\/index.php?rest_route=%2Fwp%2Fv2%2Fmedia&parent=20"}],"curies":[{"name":"wp","href":"https:\/\/api.w.org\/{rel}","templated":true}]}}