{"id":172,"date":"2016-07-01T12:38:09","date_gmt":"2016-07-01T10:38:09","guid":{"rendered":"http:\/\/handbuch.sdigroup.de\/ctx\/?page_id=172"},"modified":"2023-08-09T10:42:34","modified_gmt":"2023-08-09T08:42:34","slug":"anlegen-eines-beleges","status":"publish","type":"page","link":"https:\/\/handbuch.sdigroup.de\/ctx6\/?page_id=172","title":{"rendered":"Beleg anlegen"},"content":{"rendered":"<p>Sie k\u00f6nnen einen Beleg mit Hilfe der &#8222;<b>Eingabemaske<\/b>&#8220; oder der &#8222;<b>Eingabetabelle<\/b>&#8220; anlegen.<\/p>\n<p>Beim Anlegen eines Belegs mit Hilfe der <b>Eingabemaske<\/b> sind folgende Besonderheiten zu beachten:<\/p>\n<ol>\n<li style=\"list-style-type: none;\">\n<ol>\n<li>Beim Bet\u00e4tigen der Schaltfl\u00e4che &#8222;<strong>Neu &#8211; F5<\/strong>&#8220; vergibt das Programm automatisch eine Datensatznummer (<b>Belegnummer<\/b>).<\/li>\n<li>Beim Bet\u00e4tigen der Schaltfl\u00e4che <b>A<\/b> vor dem Eingabefeld &#8222;<strong>Belegdatum<\/strong>&#8220; wird das aktuelle Datum in dieses Feld eingetragen.<\/li>\n<li>Im Feld &#8222;<b>Ausgabezyklus<\/b>&#8220; k\u00f6nnen Sie zwischen vier Alternativen w\u00e4hlen:\n<ol type=\"I\">\n<li>Bei einer einmaligen Ausgabe w\u00e4hlen Sie das K\u00e4stchen vor &#8222;<strong>Einmalig<\/strong>&#8220; aus.<\/li>\n<li>Bei monatlich wiederkehrenden Ausgaben w\u00e4hlen Sie das K\u00e4stchen vor &#8222;<strong>M<\/strong><b>onatlich<\/b>&#8220; aus. Das Programm tr\u00e4gt den Betrag dann in jeden Monat des Jahres als Ausgabe ein.<\/li>\n<li>Bei viertelj\u00e4hrlich wiederkehrenden Ausgaben w\u00e4hlen Sie das K\u00e4stchen vor &#8222;<strong>V<\/strong><b>iertelj\u00e4hrlich<\/b>&#8220; aus. Das Programm tr\u00e4gt den Betrag dann in jedes Quartal des Jahres als Ausgabe ein.<\/li>\n<li>Bei monatlich wiederkehrenden Ausgaben w\u00e4hlen Sie das K\u00e4stchen vor &#8222;<strong>H<\/strong><b>albj\u00e4hrlich&#8220;<\/b> aus. Das Programm tr\u00e4gt den Betrag dann in jedes Halbjahr des Jahres als Ausgabe ein.<\/li>\n<\/ol>\n<\/li>\n<li>Sie k\u00f6nnen bei verschiedene Zahlungsarten, diese auch angeben. Hierzu geben Sie im Feld &#8222;<b>Zahlungsart<\/b>&#8220; ein &#8222;<b>B<\/b>&#8220; f\u00fcr <strong>Barzahlung<\/strong>, ein &#8222;<b>\u00dc<\/b>&#8220; f\u00fcr <strong>\u00dcberweisung<\/strong> oder ein &#8222;<b>S<\/b>&#8220; f\u00fcr <strong>Scheck<\/strong> mit dem entsprechenden Nummer ein.<\/li>\n<\/ol>\n<\/li>\n<\/ol>\n<p>Das Anlegen von Belegen mit Hilfe der &#8222;<b>Eingabetabelle<\/b>&#8220; empfiehlt sich, wenn Sie mehrere Belege hintereinander eingeben wollen. Beim Anlegen eines Belegs mit Hilfe der &#8222;<b>Eingabetabelle<\/b>&#8220; sind folgende Besonderheiten zu beachten:<\/p>\n<ol>\n<li><span style=\"color: #000000;\">Einen neuen Beleg k\u00f6nnen Sie einfach durch das Bearbeiten einer neuen Zeile anlegen.<\/span><\/li>\n<li><span style=\"color: #000000;\">In der Spalte &#8222;<b>Datum<\/b>&#8220;\u00a0schl\u00e4gt das Programm automatisch das aktuelle Datum vor.<\/span><\/li>\n<li><span style=\"color: #000000;\">In der Spalte &#8222;<b>Zyklus<\/b>&#8220; schl\u00e4gt das Programm automatisch &#8222;<b>E<\/b>&#8220; f\u00fcr <strong>Einmalig<\/strong> vor. F\u00fcr <strong>Monatlich<\/strong> k\u00f6nnen Sie &#8222;<strong>M<\/strong>&#8222;, f\u00fcr <strong>Viertelj\u00e4hrlich<\/strong> &#8222;<b>V<\/b>&#8222;, und f\u00fcr <strong>Halbj\u00e4hrlich<\/strong> &#8222;<b>H<\/b>&#8220; eintragen.<\/span><\/li>\n<li><span style=\"color: #000000;\">Sie k\u00f6nnen bei verschiedene Zahlungsarten, diese auch angeben. Hierzu geben Sie im Feld &#8222;<b>Zahlungsart<\/b>&#8220; ein &#8222;<b>B<\/b>&#8220; f\u00fcr <strong>Barzahlung<\/strong>, ein &#8222;<b>\u00dc<\/b>&#8220; f\u00fcr <strong>\u00dcberweisung<\/strong> oder ein &#8222;<b>S<\/b>&#8220; f\u00fcr <strong>Scheck<\/strong> mit dem entsprechenden Nummer ein.<\/span><\/li>\n<li>In der Spalte &#8222;<b>MwSt<\/b><strong>%<\/strong>&#8220; schl\u00e4gt das Programm automatisch 15 % vor.<\/li>\n<li>Die Spalte &#8222;<b>Netto<\/b>&#8220; wird automatisch berechnet.<\/li>\n<li>Sie k\u00f6nnen die letzte Spalte (Netto) mit der Taste &#8222;<b>Return<\/b>&#8220; best\u00e4tigen, und der Datensatz wird eingetragen, dabei springt Cursor in die n\u00e4chste Zeile, in die Sie dann den n\u00e4chsten Datensatz eingeben k\u00f6nnen.<\/li>\n<\/ol>\n\n\n<p><\/p>\n","protected":false},"excerpt":{"rendered":"<p>Sie k\u00f6nnen einen Beleg mit Hilfe der &#8222;Eingabemaske&#8220; oder der &#8222;Eingabetabelle&#8220; anlegen. Beim Anlegen eines Belegs mit Hilfe der Eingabemaske sind folgende Besonderheiten zu beachten: Beim Bet\u00e4tigen der Schaltfl\u00e4che &#8222;Neu &#8211; F5&#8220; vergibt das Programm automatisch eine Datensatznummer (Belegnummer). Beim Bet\u00e4tigen der Schaltfl\u00e4che A vor dem Eingabefeld &#8222;Belegdatum&#8220; wird das aktuelle Datum in dieses Feld [&hellip;]<\/p>\n","protected":false},"author":5,"featured_media":0,"parent":166,"menu_order":0,"comment_status":"closed","ping_status":"closed","template":"","meta":{"footnotes":""},"class_list":["post-172","page","type-page","status-publish","hentry"],"_links":{"self":[{"href":"https:\/\/handbuch.sdigroup.de\/ctx6\/index.php?rest_route=\/wp\/v2\/pages\/172","targetHints":{"allow":["GET"]}}],"collection":[{"href":"https:\/\/handbuch.sdigroup.de\/ctx6\/index.php?rest_route=\/wp\/v2\/pages"}],"about":[{"href":"https:\/\/handbuch.sdigroup.de\/ctx6\/index.php?rest_route=\/wp\/v2\/types\/page"}],"author":[{"embeddable":true,"href":"https:\/\/handbuch.sdigroup.de\/ctx6\/index.php?rest_route=\/wp\/v2\/users\/5"}],"replies":[{"embeddable":true,"href":"https:\/\/handbuch.sdigroup.de\/ctx6\/index.php?rest_route=%2Fwp%2Fv2%2Fcomments&post=172"}],"version-history":[{"count":3,"href":"https:\/\/handbuch.sdigroup.de\/ctx6\/index.php?rest_route=\/wp\/v2\/pages\/172\/revisions"}],"predecessor-version":[{"id":2049,"href":"https:\/\/handbuch.sdigroup.de\/ctx6\/index.php?rest_route=\/wp\/v2\/pages\/172\/revisions\/2049"}],"up":[{"embeddable":true,"href":"https:\/\/handbuch.sdigroup.de\/ctx6\/index.php?rest_route=\/wp\/v2\/pages\/166"}],"wp:attachment":[{"href":"https:\/\/handbuch.sdigroup.de\/ctx6\/index.php?rest_route=%2Fwp%2Fv2%2Fmedia&parent=172"}],"curies":[{"name":"wp","href":"https:\/\/api.w.org\/{rel}","templated":true}]}}