{"id":1336,"date":"2020-02-25T12:26:52","date_gmt":"2020-02-25T11:26:52","guid":{"rendered":"https:\/\/handbuch.sdigroup.de\/ctx\/?page_id=1336"},"modified":"2023-08-09T10:42:43","modified_gmt":"2023-08-09T08:42:43","slug":"beleg-stornieren","status":"publish","type":"page","link":"https:\/\/handbuch.sdigroup.de\/ctx6\/?page_id=1336","title":{"rendered":"Beleg Stornieren"},"content":{"rendered":"\n<p>\u00a0<\/p>\n<p><span style=\"font-size: large;\"><span style=\"background-color: #808080; color: #ffffff;\">Schritt 1<\/span><\/span><\/p>\n<p><span style=\"font-size: large;\">Sie gehen links in der Hauptnavigation unter <strong>Auftrag \/ Verkauf<\/strong> auf <strong>&#8222;Kontrolle&#8220;<\/strong>.<br \/><\/span><\/p>\n<p><span style=\"background-color: #808080; color: #ffffff;\">Schritt 2<\/span><\/p>\n<p>Als n\u00e4chstes geben Sie in das Feld Belegnummer Ihre <strong>&#8222;Belegnummer&#8220; <\/strong>an und dr\u00fccken oben in der Men\u00fczeile auf <strong>&#8222;Suchen&#8220; <\/strong>oder auf der Schaltfl\u00e4che<strong> &#8222;F8&#8220;.<\/strong><\/p>\n\n\n\n<figure class=\"wp-block-image size-large\"><img loading=\"lazy\" decoding=\"async\" width=\"1024\" height=\"682\" src=\"https:\/\/handbuch.sdigroup.de\/ctx6\/wp-content\/uploads\/Kontrolle-1024x682.png\" alt=\"\" class=\"wp-image-1877\" srcset=\"https:\/\/handbuch.sdigroup.de\/ctx6\/wp-content\/uploads\/Kontrolle-1024x682.png 1024w, https:\/\/handbuch.sdigroup.de\/ctx6\/wp-content\/uploads\/Kontrolle-300x200.png 300w, https:\/\/handbuch.sdigroup.de\/ctx6\/wp-content\/uploads\/Kontrolle.png 1152w\" sizes=\"auto, (max-width: 1024px) 100vw, 1024px\" \/><\/figure>\n\n\n\n<p><span style=\"background-color: #808080; color: #ffffff;\">Schritt 3<\/span><\/p>\n<p>Sie gehen oben in der Men\u00fczeile auf <strong>&#8222;Stornieren&#8220; <\/strong>oder dr\u00fccken Schaltfl\u00e4che <strong>&#8222;Ctrl + Del&#8220;.<\/strong><\/p>\n<p>Auf die Frage: <b>&#8222;Wollen Sie den Beleg stornieren?&#8220; <\/b>antworten Sie mit\u00a0<strong>&#8222;JA&#8220;.<\/strong><\/p>\n\n\n\n<figure class=\"wp-block-image size-large\"><img loading=\"lazy\" decoding=\"async\" width=\"240\" height=\"134\" src=\"https:\/\/handbuch.sdigroup.de\/ctx6\/wp-content\/uploads\/bab.png\" alt=\"\" class=\"wp-image-1878\"\/><\/figure>\n\n\n","protected":false},"excerpt":{"rendered":"<p>\u00a0 Schritt 1 Sie gehen links in der Hauptnavigation unter Auftrag \/ Verkauf auf &#8222;Kontrolle&#8220;. Schritt 2 Als n\u00e4chstes geben Sie in das Feld Belegnummer Ihre &#8222;Belegnummer&#8220; an und dr\u00fccken oben in der Men\u00fczeile auf &#8222;Suchen&#8220; oder auf der Schaltfl\u00e4che &#8222;F8&#8220;. Schritt 3 Sie gehen oben in der Men\u00fczeile auf &#8222;Stornieren&#8220; oder dr\u00fccken Schaltfl\u00e4che &#8222;Ctrl [&hellip;]<\/p>\n","protected":false},"author":4,"featured_media":0,"parent":166,"menu_order":0,"comment_status":"closed","ping_status":"closed","template":"","meta":{"footnotes":""},"class_list":["post-1336","page","type-page","status-publish","hentry"],"_links":{"self":[{"href":"https:\/\/handbuch.sdigroup.de\/ctx6\/index.php?rest_route=\/wp\/v2\/pages\/1336","targetHints":{"allow":["GET"]}}],"collection":[{"href":"https:\/\/handbuch.sdigroup.de\/ctx6\/index.php?rest_route=\/wp\/v2\/pages"}],"about":[{"href":"https:\/\/handbuch.sdigroup.de\/ctx6\/index.php?rest_route=\/wp\/v2\/types\/page"}],"author":[{"embeddable":true,"href":"https:\/\/handbuch.sdigroup.de\/ctx6\/index.php?rest_route=\/wp\/v2\/users\/4"}],"replies":[{"embeddable":true,"href":"https:\/\/handbuch.sdigroup.de\/ctx6\/index.php?rest_route=%2Fwp%2Fv2%2Fcomments&post=1336"}],"version-history":[{"count":1,"href":"https:\/\/handbuch.sdigroup.de\/ctx6\/index.php?rest_route=\/wp\/v2\/pages\/1336\/revisions"}],"predecessor-version":[{"id":1879,"href":"https:\/\/handbuch.sdigroup.de\/ctx6\/index.php?rest_route=\/wp\/v2\/pages\/1336\/revisions\/1879"}],"up":[{"embeddable":true,"href":"https:\/\/handbuch.sdigroup.de\/ctx6\/index.php?rest_route=\/wp\/v2\/pages\/166"}],"wp:attachment":[{"href":"https:\/\/handbuch.sdigroup.de\/ctx6\/index.php?rest_route=%2Fwp%2Fv2%2Fmedia&parent=1336"}],"curies":[{"name":"wp","href":"https:\/\/api.w.org\/{rel}","templated":true}]}}