{"id":310,"date":"2016-07-01T15:09:12","date_gmt":"2016-07-01T13:09:12","guid":{"rendered":"http:\/\/handbuch.sdigroup.de\/ctx\/?page_id=310"},"modified":"2022-08-11T18:05:08","modified_gmt":"2022-08-11T16:05:08","slug":"kunde-bringt-ware-zurueck","status":"publish","type":"page","link":"https:\/\/handbuch.sdigroup.de\/ctx\/?page_id=310","title":{"rendered":"Kunde bringt Ware zur\u00fcck"},"content":{"rendered":"<div class=\"content\">\n<div class=\"layer\">\n<div class=\"ueberschrift2\" style=\"text-align: center;\"><strong>&#8230;ohne was mit zu nehmen.<\/strong><\/div>\n<ol>\n<li>W\u00e4hlen Sie oben links &#8222;<strong>Gutschrift&#8220;<\/strong> aus<\/li>\n<li>Kassieren Sie die Ware so ab als w\u00fcrden Sie eine Rechnung schreiben.<\/li>\n<\/ol>\n<div class=\"ueberschrift2\" style=\"text-align: center;\"><strong>&#8230;und m\u00f6chte auch Geld zur\u00fcck.<\/strong><\/div>\n<ol>\n<li>W\u00e4hlen Sie oben links<strong> &#8222;Gutschrift&#8220;<\/strong> aus<\/li>\n<li>Artikel abscannen oder manuell eingeben<\/li>\n<li><strong>&#8222;F4&#8220;<\/strong> f\u00fcr &#8222;Drucken&#8220; anklicken, dann auf &#8222;<b>Bar Geldausgabe&#8220;<\/b> dr\u00fccken um den Kunden das Geld auszuzahlen.<\/li>\n<\/ol>\n<div class=\"ueberschrift2\" style=\"text-align: center;\"><strong>&#8230;nimmt etwas teureres mit.<\/strong><\/div>\n<ol>\n<li>W\u00e4hlen Sie oben links <strong>Beleg<\/strong> (Wenn nicht ausgew\u00e4hlt)<\/li>\n<li>Klicken Sie unten auf &#8222;<strong>Waren R\u00fcckgabe&#8220;<\/strong>, dann wird der Knopf rot. Scannen Sie den\/die Artikel ein (Wenn Sie den Artikel Manuell eingeben, achten Sie darauf das bei der Anzahl ein Minus steht. z.B. -1 oder -3)<\/li>\n<li>Anschlie\u00dfend erneut auf &#8222;<strong>Waren R\u00fcckgabe&#8220;<\/strong> klicken, dass das Feld wieder grau wird und dann Scannen Sie weitere Artikel ein. (Die Artikel die der Kunde mit nimmt\/ einkauft).<\/li>\n<\/ol>\n<p><img decoding=\"async\" src=\"https:\/\/image.ibb.co\/fC08cp\/unde_bringt_ware_zur_ck.png\" \/><\/p>\n<div class=\"ueberschrift2\" style=\"text-align: center;\"><strong>&#8230;nimmt etwas g\u00fcnstigeres mit.<\/strong><\/div>\n<ol>\n<li>Wie Szenario 3.<\/li>\n<li>Verkaufen Sie dem Kunden f\u00fcr den offen stehenden Betrag eine Gutschrift, indem Sie GUTSCHEIN+ eingeben. \u00c4ndern Sie dann den Gutschriftwert auf den Differenzbetrag. (Bsp: Rechnungssumme -10 Euro, Gutscheinwert auf 10 Euro setzen.)<\/li>\n<\/ol>\n<ol type=\"circle\">\n<li>Bei Szenario 1 ist klar, dass der Kunde keine Ware mitnehmen wird.<\/li>\n<li>Bei Szenario 4 k\u00f6nnen Sie wahlweise auch erst eine Gutschrift wie in Szenario 1 erstellen und dann erst einen Beleg wie in Szenario 2 schreiben. Hierbei ist dann zu beachten, wenn Sie &#8222;Drucken&#8220; anklicken, dass\u00a0 die erstellte Gutschrift aus der unten aufgef\u00fchrten Gutschriftenliste ausgew\u00e4hlt ist. Danach auf den Knopf &#8222;<b>Gutschrift&#8220;<\/b> klicken um das eben zu verrechnen. Hierbei ist anzumerken, dass es sich bei kleineren Betr\u00e4gen nicht wirklich lohnt da die Gutschrift auch eben sehr klein sein kann und durch den Beleg gleich wieder aufgel\u00f6st ist, da der Gutschriftbetrag einfach kleiner ist als der Rechnungswert.<\/li>\n<\/ol>\n<\/div>\n<\/div>\n","protected":false},"excerpt":{"rendered":"<p>&#8230;ohne was mit zu nehmen. W\u00e4hlen Sie oben links &#8222;Gutschrift&#8220; aus Kassieren Sie die Ware so ab als w\u00fcrden Sie eine Rechnung schreiben. &#8230;und m\u00f6chte auch Geld zur\u00fcck. W\u00e4hlen Sie oben links &#8222;Gutschrift&#8220; aus Artikel abscannen oder manuell eingeben &#8222;F4&#8220; f\u00fcr &#8222;Drucken&#8220; anklicken, dann auf &#8222;Bar Geldausgabe&#8220; dr\u00fccken um den Kunden das Geld auszuzahlen. &#8230;nimmt [&hellip;]<\/p>\n","protected":false},"author":5,"featured_media":0,"parent":24,"menu_order":0,"comment_status":"closed","ping_status":"closed","template":"","meta":{"footnotes":""},"class_list":["post-310","page","type-page","status-publish","hentry"],"_links":{"self":[{"href":"https:\/\/handbuch.sdigroup.de\/ctx\/index.php?rest_route=\/wp\/v2\/pages\/310","targetHints":{"allow":["GET"]}}],"collection":[{"href":"https:\/\/handbuch.sdigroup.de\/ctx\/index.php?rest_route=\/wp\/v2\/pages"}],"about":[{"href":"https:\/\/handbuch.sdigroup.de\/ctx\/index.php?rest_route=\/wp\/v2\/types\/page"}],"author":[{"embeddable":true,"href":"https:\/\/handbuch.sdigroup.de\/ctx\/index.php?rest_route=\/wp\/v2\/users\/5"}],"replies":[{"embeddable":true,"href":"https:\/\/handbuch.sdigroup.de\/ctx\/index.php?rest_route=%2Fwp%2Fv2%2Fcomments&post=310"}],"version-history":[{"count":8,"href":"https:\/\/handbuch.sdigroup.de\/ctx\/index.php?rest_route=\/wp\/v2\/pages\/310\/revisions"}],"predecessor-version":[{"id":1525,"href":"https:\/\/handbuch.sdigroup.de\/ctx\/index.php?rest_route=\/wp\/v2\/pages\/310\/revisions\/1525"}],"up":[{"embeddable":true,"href":"https:\/\/handbuch.sdigroup.de\/ctx\/index.php?rest_route=\/wp\/v2\/pages\/24"}],"wp:attachment":[{"href":"https:\/\/handbuch.sdigroup.de\/ctx\/index.php?rest_route=%2Fwp%2Fv2%2Fmedia&parent=310"}],"curies":[{"name":"wp","href":"https:\/\/api.w.org\/{rel}","templated":true}]}}