{"id":265,"date":"2016-07-01T14:28:03","date_gmt":"2016-07-01T12:28:03","guid":{"rendered":"http:\/\/handbuch.sdigroup.de\/ctx\/?page_id=265"},"modified":"2022-07-28T15:22:33","modified_gmt":"2022-07-28T13:22:33","slug":"tabelle","status":"publish","type":"page","link":"https:\/\/handbuch.sdigroup.de\/ctx\/?page_id=265","title":{"rendered":"Tabelle"},"content":{"rendered":"<p><img loading=\"lazy\" decoding=\"async\" class=\"alignnone size-full wp-image-692\" src=\"https:\/\/handbuch.sdigroup.de\/ctx\/wp-content\/uploads\/kundentabelle.jpg\" alt=\"kundentabelle\" width=\"889\" height=\"589\" srcset=\"https:\/\/handbuch.sdigroup.de\/ctx\/wp-content\/uploads\/kundentabelle.jpg 889w, https:\/\/handbuch.sdigroup.de\/ctx\/wp-content\/uploads\/kundentabelle-300x199.jpg 300w\" sizes=\"auto, (max-width: 889px) 100vw, 889px\" \/>Die &#8222;<strong>Suchliste&#8220;<\/strong> enth\u00e4lt die Standard-Men\u00fcleiste f\u00fcr Tabellen.<\/p>\n<p>Das Men\u00fc <b>Drucken <\/b>beinhaltet<\/p>\n<ol type=\"circle\">\n<li style=\"list-style-type: none;\">\n<ol type=\"circle\">\n<li>Den Befehl <b>Tabelle<\/b>, mit dessen Hilfe Sie Ihre Tabelle als Liste ausdrucken k\u00f6nnen. Das Aussehen der Liste k\u00f6nnen Sie \u00fcber die Report-Maske ver\u00e4ndern.<\/li>\n<li>Den Befehl &#8222;<b>Serienbrief&#8220;<\/b>,<b> <\/b>mit dessen Hilfe Sie Serienbriefe verfassen.<\/li>\n<li>Den Befehl <b>Adressetiketten<\/b>,<b> <\/b>mit dessen Hilfe Sie Adressetiketten (Firmenname, Inhaber, Stra\u00dfe, PLZ, Ort) ausdrucken.<\/li>\n<\/ol>\n<\/li>\n<\/ol>\n<p>Cashtex erstellt im Verzeichnis <b>C:\\SDIBASE\\<\/b> eine Datei mit Namen &lt;<b>odcb.txt<\/b>&gt;.<br \/>\nDie <b>Tabelle<\/b> k\u00f6nnen Sie umsortieren und bearbeiten. Die <b>Daten<\/b> in der Tabelle k\u00f6nnen Sie allerdings\u00a0<b>nicht bearbeiten<\/b>.<\/p>\n","protected":false},"excerpt":{"rendered":"<p>Die &#8222;Suchliste&#8220; enth\u00e4lt die Standard-Men\u00fcleiste f\u00fcr Tabellen. Das Men\u00fc Drucken beinhaltet Den Befehl Tabelle, mit dessen Hilfe Sie Ihre Tabelle als Liste ausdrucken k\u00f6nnen. Das Aussehen der Liste k\u00f6nnen Sie \u00fcber die Report-Maske ver\u00e4ndern. Den Befehl &#8222;Serienbrief&#8220;, mit dessen Hilfe Sie Serienbriefe verfassen. Den Befehl Adressetiketten, mit dessen Hilfe Sie Adressetiketten (Firmenname, Inhaber, Stra\u00dfe, PLZ, [&hellip;]<\/p>\n","protected":false},"author":5,"featured_media":0,"parent":24,"menu_order":0,"comment_status":"closed","ping_status":"closed","template":"","meta":{"footnotes":""},"class_list":["post-265","page","type-page","status-publish","hentry"],"_links":{"self":[{"href":"https:\/\/handbuch.sdigroup.de\/ctx\/index.php?rest_route=\/wp\/v2\/pages\/265","targetHints":{"allow":["GET"]}}],"collection":[{"href":"https:\/\/handbuch.sdigroup.de\/ctx\/index.php?rest_route=\/wp\/v2\/pages"}],"about":[{"href":"https:\/\/handbuch.sdigroup.de\/ctx\/index.php?rest_route=\/wp\/v2\/types\/page"}],"author":[{"embeddable":true,"href":"https:\/\/handbuch.sdigroup.de\/ctx\/index.php?rest_route=\/wp\/v2\/users\/5"}],"replies":[{"embeddable":true,"href":"https:\/\/handbuch.sdigroup.de\/ctx\/index.php?rest_route=%2Fwp%2Fv2%2Fcomments&post=265"}],"version-history":[{"count":9,"href":"https:\/\/handbuch.sdigroup.de\/ctx\/index.php?rest_route=\/wp\/v2\/pages\/265\/revisions"}],"predecessor-version":[{"id":1517,"href":"https:\/\/handbuch.sdigroup.de\/ctx\/index.php?rest_route=\/wp\/v2\/pages\/265\/revisions\/1517"}],"up":[{"embeddable":true,"href":"https:\/\/handbuch.sdigroup.de\/ctx\/index.php?rest_route=\/wp\/v2\/pages\/24"}],"wp:attachment":[{"href":"https:\/\/handbuch.sdigroup.de\/ctx\/index.php?rest_route=%2Fwp%2Fv2%2Fmedia&parent=265"}],"curies":[{"name":"wp","href":"https:\/\/api.w.org\/{rel}","templated":true}]}}