{"id":217,"date":"2016-07-01T12:59:38","date_gmt":"2016-07-01T10:59:38","guid":{"rendered":"http:\/\/handbuch.sdigroup.de\/ctx\/?page_id=217"},"modified":"2022-08-11T15:46:02","modified_gmt":"2022-08-11T13:46:02","slug":"barcode-ausdruck","status":"publish","type":"page","link":"https:\/\/handbuch.sdigroup.de\/ctx\/?page_id=217","title":{"rendered":"Barcode Ausdruck"},"content":{"rendered":"<p>Um einen Barcode auszudrucken K\u00f6nnen Sie wie gefolgt vorgehen:<\/p>\n<p><span style=\"background-color: #999999; color: #ffffff;\">Schritt 1<\/span><\/p>\n<p>F\u00fcr die Ausgabe eines Barcodes gehen Sie zuerst ins Hauptmen\u00fc, jetzt k\u00f6nnen Sie mit der Taste \u201e<strong>F7<\/strong>&#8220; oder \u201e<strong>Lager \/ Artikelstamm<\/strong>&#8220; bet\u00e4tigen\/ausw\u00e4hlen.<\/p>\n<p><span style=\"background-color: #999999; color: #ffffff;\">Schritt 2<\/span><\/p>\n<p>Jetzt sollten Sie die M\u00f6glichkeit haben folgendes auszuw\u00e4hlen, \u201e<strong>Lager &#8211;<\/strong><strong>Protokoll<\/strong>&#8222;.<\/p>\n<p><span style=\"background-color: #999999; color: #ffffff;\">Schritt 3<\/span><\/p>\n<p>Im<span data-offset-key=\"2bmcs-1-0\"> n\u00e4chsten <\/span><span data-entity-key=\"4\" data-offset-key=\"2bmcs-2-0\">Schritt<\/span><span data-offset-key=\"2bmcs-3-0\"> geben Sie in das Feld, <strong>\u201eLiefer Artikel-Nr.\u201c<\/strong>, ihre Lieferschein-Nummer ein und zum Schluss w\u00e4hlen Sie die \u201e<strong>Zugangsliste<\/strong>&#8220; aus.<\/span><\/p>\n<p><img loading=\"lazy\" decoding=\"async\" class=\"alignnone size-full wp-image-923\" src=\"https:\/\/handbuch.sdigroup.de\/ctx\/wp-content\/uploads\/Zugangsliste.png\" alt=\"\" width=\"127\" height=\"72\" \/><\/p>\n<p>Sie k\u00f6nnen darauf hin die entsprechende St\u00fcckzahl best\u00e4tigen oder \u00e4ndern.<\/p>\n<ol>\n<li style=\"list-style-type: none;\">\n<ol>\n<li>In der &#8222;<strong>Gr.-Nr<\/strong>&#8220; Spalte k\u00f6nnen Sie Ihre eigene Anzahl\u00a0 druckender Barcode-Etiketten eingeben<\/li>\n<li>In der Spalte Anzahl steht die Summe der eingegebenen tats\u00e4chlichen St\u00fcckzahl, die ausgedruckt werden soll.<\/li>\n<\/ol>\n<\/li>\n<\/ol>\n<ol>\n<li style=\"list-style-type: none;\"><\/li>\n<\/ol>\n<p><span style=\"background-color: #ff0000; color: #ffffff; font-size: 12pt;\">! Es ist zu beachten, dass eine Zeile nicht gedruckt wird, wenn keine Summe in der Spalten Anzahl steht. Somit k\u00f6nnen Sie den einen oder anderen Barcode nicht drucken. Bitte beachten Sie auch, dass die von ihnen manuell, f\u00fcr den Druck ge\u00e4nderte St\u00fcckzahl, nicht den realen\u00a0 Warenbestandes beeinflusst. !<\/span><\/p>\n","protected":false},"excerpt":{"rendered":"<p>Um einen Barcode auszudrucken K\u00f6nnen Sie wie gefolgt vorgehen: Schritt 1 F\u00fcr die Ausgabe eines Barcodes gehen Sie zuerst ins Hauptmen\u00fc, jetzt k\u00f6nnen Sie mit der Taste \u201eF7&#8220; oder \u201eLager \/ Artikelstamm&#8220; bet\u00e4tigen\/ausw\u00e4hlen. Schritt 2 Jetzt sollten Sie die M\u00f6glichkeit haben folgendes auszuw\u00e4hlen, \u201eLager &#8211;Protokoll&#8222;. Schritt 3 Im n\u00e4chsten Schritt geben Sie in das Feld, [&hellip;]<\/p>\n","protected":false},"author":5,"featured_media":0,"parent":24,"menu_order":0,"comment_status":"closed","ping_status":"closed","template":"","meta":{"footnotes":""},"class_list":["post-217","page","type-page","status-publish","hentry"],"_links":{"self":[{"href":"https:\/\/handbuch.sdigroup.de\/ctx\/index.php?rest_route=\/wp\/v2\/pages\/217","targetHints":{"allow":["GET"]}}],"collection":[{"href":"https:\/\/handbuch.sdigroup.de\/ctx\/index.php?rest_route=\/wp\/v2\/pages"}],"about":[{"href":"https:\/\/handbuch.sdigroup.de\/ctx\/index.php?rest_route=\/wp\/v2\/types\/page"}],"author":[{"embeddable":true,"href":"https:\/\/handbuch.sdigroup.de\/ctx\/index.php?rest_route=\/wp\/v2\/users\/5"}],"replies":[{"embeddable":true,"href":"https:\/\/handbuch.sdigroup.de\/ctx\/index.php?rest_route=%2Fwp%2Fv2%2Fcomments&post=217"}],"version-history":[{"count":13,"href":"https:\/\/handbuch.sdigroup.de\/ctx\/index.php?rest_route=\/wp\/v2\/pages\/217\/revisions"}],"predecessor-version":[{"id":1520,"href":"https:\/\/handbuch.sdigroup.de\/ctx\/index.php?rest_route=\/wp\/v2\/pages\/217\/revisions\/1520"}],"up":[{"embeddable":true,"href":"https:\/\/handbuch.sdigroup.de\/ctx\/index.php?rest_route=\/wp\/v2\/pages\/24"}],"wp:attachment":[{"href":"https:\/\/handbuch.sdigroup.de\/ctx\/index.php?rest_route=%2Fwp%2Fv2%2Fmedia&parent=217"}],"curies":[{"name":"wp","href":"https:\/\/api.w.org\/{rel}","templated":true}]}}