{"id":215,"date":"2016-07-01T12:59:19","date_gmt":"2016-07-01T10:59:19","guid":{"rendered":"http:\/\/handbuch.sdigroup.de\/ctx\/?page_id=215"},"modified":"2020-08-24T12:07:09","modified_gmt":"2020-08-24T10:07:09","slug":"wareneingang","status":"publish","type":"page","link":"https:\/\/handbuch.sdigroup.de\/ctx\/?page_id=215","title":{"rendered":"Wareneingang"},"content":{"rendered":"<ol>\n<li style=\"list-style-type: none;\">\n<ol>\n<li>Artikel \/ Lager &#8211; Bewegung<img loading=\"lazy\" decoding=\"async\" class=\"alignnone size-full wp-image-818\" src=\"https:\/\/handbuch.sdigroup.de\/ctx\/wp-content\/uploads\/Lagerbewegung.png\" alt=\"Lagerbewegung\" width=\"1033\" height=\"570\" srcset=\"https:\/\/handbuch.sdigroup.de\/ctx\/wp-content\/uploads\/Lagerbewegung.png 1033w, https:\/\/handbuch.sdigroup.de\/ctx\/wp-content\/uploads\/Lagerbewegung-300x166.png 300w, https:\/\/handbuch.sdigroup.de\/ctx\/wp-content\/uploads\/Lagerbewegung-1024x565.png 1024w\" sizes=\"auto, (max-width: 1033px) 100vw, 1033px\" \/><\/li>\n<\/ol>\n<\/li>\n<\/ol>\n<ol>\n<li style=\"list-style-type: none;\">\n<ol>\n<li>Schaltfl\u00e4che\u00a0\u201e<strong>Neu &#8211; F5\u201c<\/strong><\/li>\n<li>Best\u00e4tigen Sie die Frage\u00a0\u201e<strong>Wollen Sie eine neue Artikelnummer?\u201c,<\/strong> mit\u00a0\u201e<strong>Nein\u201c<\/strong><\/li>\n<li>Artikel Suchen<\/li>\n<li>St\u00fcckzahl unten in entsprechende Felder eingeben<\/li>\n<li>Lieferschein-Nummer oder ein Bezug auf Wareneingang eingeben<\/li>\n<\/ol>\n<\/li>\n<\/ol>\n<p style=\"text-align: center;\">\u00a0 \u00a0 \u00a0 \u00a0 \u00a0 (Ist wichtig f\u00fcr den sp\u00e4teren Barcodeausdruck oder Zugangsliste)<\/p>\n<ol>\n<li style=\"list-style-type: none;\">\n<ol>\n<li>Schaltfl\u00e4che <strong>\u201e\u00dcbernehmen \u2013 F7\u201c<\/strong> dr\u00fccken<\/li>\n<\/ol>\n<\/li>\n<\/ol>\n<p style=\"text-align: center;\">(F\u00fcr weitere Eingabe diese Schritte wiederholen)<\/p>\n<p style=\"text-align: center;\"><b>Wir empfehlen Ihnen den Ausdruck einer Zugangsliste<\/b><\/p>\n<ol>\n<li style=\"list-style-type: none;\">\n<ol>\n<li>Dazu w\u00e4hlen Sie\u00a0\u201e<strong>Barcode von Lieferschein-Nr. Drucken\u201c<\/strong><\/li>\n<li>Schaltfl\u00e4che\u00a0\u201e<strong>Barcode Druckoptionen\u201c<\/strong><\/li>\n<li>Zug\u00e4nge \u00dcbernehmen<\/li>\n<li>Schaltfl\u00e4che\u00a0\u201e<strong>Drucken\u201c<\/strong><\/li>\n<li>Zugangsliste oder Barcode 1\u2026<\/li>\n<\/ol>\n<\/li>\n<\/ol>\n","protected":false},"excerpt":{"rendered":"<p>Artikel \/ Lager &#8211; Bewegung Schaltfl\u00e4che\u00a0\u201eNeu &#8211; F5\u201c Best\u00e4tigen Sie die Frage\u00a0\u201eWollen Sie eine neue Artikelnummer?\u201c, mit\u00a0\u201eNein\u201c Artikel Suchen St\u00fcckzahl unten in entsprechende Felder eingeben Lieferschein-Nummer oder ein Bezug auf Wareneingang eingeben \u00a0 \u00a0 \u00a0 \u00a0 \u00a0 (Ist wichtig f\u00fcr den sp\u00e4teren Barcodeausdruck oder Zugangsliste) Schaltfl\u00e4che \u201e\u00dcbernehmen \u2013 F7\u201c dr\u00fccken (F\u00fcr weitere Eingabe diese Schritte [&hellip;]<\/p>\n","protected":false},"author":5,"featured_media":0,"parent":24,"menu_order":0,"comment_status":"closed","ping_status":"closed","template":"","meta":{"footnotes":""},"class_list":["post-215","page","type-page","status-publish","hentry"],"_links":{"self":[{"href":"https:\/\/handbuch.sdigroup.de\/ctx\/index.php?rest_route=\/wp\/v2\/pages\/215","targetHints":{"allow":["GET"]}}],"collection":[{"href":"https:\/\/handbuch.sdigroup.de\/ctx\/index.php?rest_route=\/wp\/v2\/pages"}],"about":[{"href":"https:\/\/handbuch.sdigroup.de\/ctx\/index.php?rest_route=\/wp\/v2\/types\/page"}],"author":[{"embeddable":true,"href":"https:\/\/handbuch.sdigroup.de\/ctx\/index.php?rest_route=\/wp\/v2\/users\/5"}],"replies":[{"embeddable":true,"href":"https:\/\/handbuch.sdigroup.de\/ctx\/index.php?rest_route=%2Fwp%2Fv2%2Fcomments&post=215"}],"version-history":[{"count":5,"href":"https:\/\/handbuch.sdigroup.de\/ctx\/index.php?rest_route=\/wp\/v2\/pages\/215\/revisions"}],"predecessor-version":[{"id":1376,"href":"https:\/\/handbuch.sdigroup.de\/ctx\/index.php?rest_route=\/wp\/v2\/pages\/215\/revisions\/1376"}],"up":[{"embeddable":true,"href":"https:\/\/handbuch.sdigroup.de\/ctx\/index.php?rest_route=\/wp\/v2\/pages\/24"}],"wp:attachment":[{"href":"https:\/\/handbuch.sdigroup.de\/ctx\/index.php?rest_route=%2Fwp%2Fv2%2Fmedia&parent=215"}],"curies":[{"name":"wp","href":"https:\/\/api.w.org\/{rel}","templated":true}]}}