{"id":1229,"date":"2020-02-03T09:57:15","date_gmt":"2020-02-03T08:57:15","guid":{"rendered":"https:\/\/handbuch.sdigroup.de\/ctx\/?page_id=1229"},"modified":"2020-08-25T10:03:13","modified_gmt":"2020-08-25T08:03:13","slug":"gutschein","status":"publish","type":"page","link":"https:\/\/handbuch.sdigroup.de\/ctx\/?page_id=1229","title":{"rendered":"Gutschein"},"content":{"rendered":"\n<p><strong>Anleitung Retoure &amp; Gutschein <br \/><\/strong><br \/>Kunde bringt Ware zur\u00fcck und Gutschein wird erstellt<br \/><br \/><span style=\"color: #ff0000;\">Button links <strong>&#8222;Warenr\u00fcckgabe&#8220;<\/strong> und Button Beleg <\/span><\/p>\n<p><img loading=\"lazy\" decoding=\"async\" class=\"alignnone wp-image-1455 \" src=\"https:\/\/handbuch.sdigroup.de\/ctx\/wp-content\/uploads\/bild-5-300x216.png\" alt=\"\" width=\"408\" height=\"294\" srcset=\"https:\/\/handbuch.sdigroup.de\/ctx\/wp-content\/uploads\/bild-5-300x216.png 300w, https:\/\/handbuch.sdigroup.de\/ctx\/wp-content\/uploads\/bild-5.png 1023w\" sizes=\"auto, (max-width: 408px) 100vw, 408px\" \/><br \/><br \/><br \/><span style=\"color: #ff0000;\">Knopf <strong>&#8222;Gutscheinkauf&#8220;<\/strong> im Fenster links bet\u00e4tigen<\/span><br \/><br \/><img loading=\"lazy\" decoding=\"async\" class=\"alignnone size-full wp-image-1242\" src=\"https:\/\/handbuch.sdigroup.de\/ctx\/wp-content\/uploads\/Anmerkung-2020-02-03-100200.png\" alt=\"\" width=\"359\" height=\"301\" srcset=\"https:\/\/handbuch.sdigroup.de\/ctx\/wp-content\/uploads\/Anmerkung-2020-02-03-100200.png 359w, https:\/\/handbuch.sdigroup.de\/ctx\/wp-content\/uploads\/Anmerkung-2020-02-03-100200-300x252.png 300w\" sizes=\"auto, (max-width: 359px) 100vw, 359px\" \/><br \/><br \/><span style=\"color: #ff0000;\">Zuerst den Gutschein f\u00fcr den Kunden drucken und dann auf &#8222;OK&#8220; klicken<\/span><br \/><span style=\"color: #ff0000;\">und wie gewohnt auf Zahlung Drucken, <\/span><span style=\"color: #ff0000;\">danach Beleg drucken.<\/span><br \/><br \/><br \/><\/p>\n","protected":false},"excerpt":{"rendered":"<p>Anleitung Retoure &amp; Gutschein Kunde bringt Ware zur\u00fcck und Gutschein wird erstellt Button links &#8222;Warenr\u00fcckgabe&#8220; und Button Beleg Knopf &#8222;Gutscheinkauf&#8220; im Fenster links bet\u00e4tigen Zuerst den Gutschein f\u00fcr den Kunden drucken und dann auf &#8222;OK&#8220; klickenund wie gewohnt auf Zahlung Drucken, danach Beleg drucken.<\/p>\n","protected":false},"author":4,"featured_media":0,"parent":0,"menu_order":0,"comment_status":"closed","ping_status":"closed","template":"","meta":{"footnotes":""},"class_list":["post-1229","page","type-page","status-publish","hentry"],"_links":{"self":[{"href":"https:\/\/handbuch.sdigroup.de\/ctx\/index.php?rest_route=\/wp\/v2\/pages\/1229","targetHints":{"allow":["GET"]}}],"collection":[{"href":"https:\/\/handbuch.sdigroup.de\/ctx\/index.php?rest_route=\/wp\/v2\/pages"}],"about":[{"href":"https:\/\/handbuch.sdigroup.de\/ctx\/index.php?rest_route=\/wp\/v2\/types\/page"}],"author":[{"embeddable":true,"href":"https:\/\/handbuch.sdigroup.de\/ctx\/index.php?rest_route=\/wp\/v2\/users\/4"}],"replies":[{"embeddable":true,"href":"https:\/\/handbuch.sdigroup.de\/ctx\/index.php?rest_route=%2Fwp%2Fv2%2Fcomments&post=1229"}],"version-history":[{"count":3,"href":"https:\/\/handbuch.sdigroup.de\/ctx\/index.php?rest_route=\/wp\/v2\/pages\/1229\/revisions"}],"predecessor-version":[{"id":1456,"href":"https:\/\/handbuch.sdigroup.de\/ctx\/index.php?rest_route=\/wp\/v2\/pages\/1229\/revisions\/1456"}],"wp:attachment":[{"href":"https:\/\/handbuch.sdigroup.de\/ctx\/index.php?rest_route=%2Fwp%2Fv2%2Fmedia&parent=1229"}],"curies":[{"name":"wp","href":"https:\/\/api.w.org\/{rel}","templated":true}]}}